{"id":609579,"date":"2026-04-28T01:30:55","date_gmt":"2026-04-27T23:30:55","guid":{"rendered":"https:\/\/www.lemanexpress.com\/events\/conservatoire-portes-ouvertes-2026\/"},"modified":"2026-04-28T01:30:55","modified_gmt":"2026-04-27T23:30:55","slug":"conservatoire-portes-ouvertes-2026","status":"publish","type":"lex_activity","link":"https:\/\/www.lemanexpress.com\/en\/events\/conservatoire-portes-ouvertes-2026\/","title":{"rendered":"Conservatoire : Portes-Ouvertes 2026"},"content":{"rendered":"<p>Vous \u00eates passionn\u00e9 par la musique ou le th\u00e9\u00e2tre ? Vous r\u00eavez de d\u00e9velopper votre talent artistique ?<br \/>\nQue vous soyez d\u00e9butant ou non, enfant ou adulte, le Conservatoire est un lieu d\u2019accueil adapt\u00e9 o\u00f9 vos talents et vos aspirations encourag\u00e9s.<\/p>\n<p>Rendez-vous sur notre site d&#8217;Annemasse :<br \/>\n\u2022 Rencontres avec nos professeurs,<br \/>\n\u2022 Essais et d\u00e9monstrations d\u2019instruments,<br \/>\n\u2022 Informations sur l\u2019offre d\u2019enseignement et renseignements administratifs.<br \/>\n\u2022 Prestations musicales<\/p>\n<p>Que vous soyez passionn\u00e9 par les instruments \u00e0 cordes, les cuivres, les bois, les percussions, le th\u00e9\u00e2tre ou le chant, le Conservatoire propose un large \u00e9ventail de disciplines pour tous les \u00e2ges et tous les niveaux.<\/p>\n<p>\u2022\tSamedi 30 mai \u2022 9h30-12h30<br \/>\n&#8211; Site d&#8217;Annemasse (7 rue des Savoie)<br \/>\nDisciplines pr\u00e9sent\u00e9es :<br \/>\n\u00c9veil musical \u2022 Initiation musicale \u2022 Formation musicale<br \/>\nChant \u2022 Ch\u0153urs \u2022 Th\u00e9\u00e2tre<br \/>\nCordes : Violon \u2022 Alto \u2022 Violoncelle \u2022 Contrebasse<br \/>\nCuivres : Cor \u2022 Trompette \u2022 Trombone \u2022 Tuba\/Euphonium<br \/>\nBois : Fl\u00fbte traversi\u00e8re \u2022 Hautbois \u2022 Clarinette \u2022 Basson \u2022 Saxophone<br \/>\nJazz-Musiques Actuelles : Batterie \u2022 Chant \u2022 Guitares \u2022 Piano \u2022 Musiques \u00e9lectroniques<br \/>\nPiano \u2022 Harpe \u2022 Percussions \u2022 Guitare<\/p>\n<p>Vibrer, c&#8217;est dans vos cordes ! : inscriptions d\u00e8s le 1er juin.<\/p>\n","protected":false},"excerpt":{"rendered":"<p>Le conservatoire vous ouvre ses portes. Lib\u00e9rez votre talent !<br \/>\nLe Conservatoire d\u2019Annemasse Agglo vous invite \u00e0 d\u00e9couvrir la diversit\u00e9 de son enseignement.<\/p>\n","protected":false},"featured_media":609580,"menu_order":0,"template":"","lex_activity_apidae_category":[82,98],"lex_activity_category":[],"lex_activity_tag":[],"class_list":["post-609579","lex_activity","type-lex_activity","status-publish","has-post-thumbnail","hentry"],"acf":[],"publishpress_future_workflow_manual_trigger":{"enabledWorkflows":[]},"_links":{"self":[{"href":"https:\/\/www.lemanexpress.com\/en\/wp-json\/wp\/v2\/lex_activity\/609579","targetHints":{"allow":["GET"]}}],"collection":[{"href":"https:\/\/www.lemanexpress.com\/en\/wp-json\/wp\/v2\/lex_activity"}],"about":[{"href":"https:\/\/www.lemanexpress.com\/en\/wp-json\/wp\/v2\/types\/lex_activity"}],"version-history":[{"count":0,"href":"https:\/\/www.lemanexpress.com\/en\/wp-json\/wp\/v2\/lex_activity\/609579\/revisions"}],"wp:featuredmedia":[{"embeddable":true,"href":"https:\/\/www.lemanexpress.com\/en\/wp-json\/wp\/v2\/media\/609580"}],"wp:attachment":[{"href":"https:\/\/www.lemanexpress.com\/en\/wp-json\/wp\/v2\/media?parent=609579"}],"wp:term":[{"taxonomy":"lex_activity_apidae_category","embeddable":true,"href":"https:\/\/www.lemanexpress.com\/en\/wp-json\/wp\/v2\/lex_activity_apidae_category?post=609579"},{"taxonomy":"lex_activity_category","embeddable":true,"href":"https:\/\/www.lemanexpress.com\/en\/wp-json\/wp\/v2\/lex_activity_category?post=609579"},{"taxonomy":"lex_activity_tag","embeddable":true,"href":"https:\/\/www.lemanexpress.com\/en\/wp-json\/wp\/v2\/lex_activity_tag?post=609579"}],"curies":[{"name":"wp","href":"https:\/\/api.w.org\/{rel}","templated":true}]}}

<p>Vous êtes passionné par la musique ou le théâtre ? Vous rêvez de développer votre talent artistique ?<br />
Que vous soyez débutant ou non, enfant ou adulte, le Conservatoire est un lieu d’accueil adapté où vos talents et vos aspirations encouragés.</p>
<p>Rendez-vous sur notre site d&#8217;Annemasse :<br />
• Rencontres avec nos professeurs,<br />
• Essais et démonstrations d’instruments,<br />
• Informations sur l’offre d’enseignement et renseignements administratifs.<br />
• Prestations musicales</p>
<p>Que vous soyez passionné par les instruments à cordes, les cuivres, les bois, les percussions, le théâtre ou le chant, le Conservatoire propose un large éventail de disciplines pour tous les âges et tous les niveaux.</p>
<p>•	Samedi 30 mai • 9h30-12h30<br />
&#8211; Site d&#8217;Annemasse (7 rue des Savoie)<br />
Disciplines présentées :<br />
Éveil musical • Initiation musicale • Formation musicale<br />
Chant • Chœurs • Théâtre<br />
Cordes : Violon • Alto • Violoncelle • Contrebasse<br />
Cuivres : Cor • Trompette • Trombone • Tuba/Euphonium<br />
Bois : Flûte traversière • Hautbois • Clarinette • Basson • Saxophone<br />
Jazz-Musiques Actuelles : Batterie • Chant • Guitares • Piano • Musiques électroniques<br />
Piano • Harpe • Percussions • Guitare</p>
<p>Vibrer, c&#8217;est dans vos cordes ! : inscriptions dès le 1er juin.</p>

<p>Le conservatoire vous ouvre ses portes. Libérez votre talent !<br />
Le Conservatoire d’Annemasse Agglo vous invite à découvrir la diversité de son enseignement.</p>
