{"id":608154,"date":"2026-04-12T01:30:12","date_gmt":"2026-04-11T23:30:12","guid":{"rendered":"https:\/\/www.lemanexpress.com\/events\/stage-de-chant-choral-vacances-en-choeur\/"},"modified":"2026-04-12T01:30:12","modified_gmt":"2026-04-11T23:30:12","slug":"stage-de-chant-choral-vacances-en-choeur","status":"publish","type":"lex_activity","link":"https:\/\/www.lemanexpress.com\/en\/events\/stage-de-chant-choral-vacances-en-choeur\/","title":{"rendered":"Stage de chant choral : Vacances en Choeur"},"content":{"rendered":"<p>Au programme de l\u2019\u00e9dition \u00e9t\u00e9 2026 du stage de chant choral \u00ab Vacances en Ch\u0153ur \u00bb, nous vous proposons de travailler, dans une ambiance conviviale.<br \/>\nQuel que soit votre niveau vocal, vous trouverez dans ce stage tous les ingr\u00e9dients pour progresser, d\u00e9couvrir, am\u00e9liorer votre technique, votre musicalit\u00e9, et surtout vous r\u00e9galer.<\/p>\n<p>Beaucoup de plaisir en perspective !<\/p>\n<p>Au programme :<\/p>\n<p>&#8211; 6 jours de cours de chant choral. 5h de chant par jour de 9h \u00e0 12h et de 17h \u00e0 19h.<br \/>\n&#8211; Travail de la voix, respiration, justesse, prise de conscience du m\u00e9canisme vocal, apprentissage des chants&#8230;<br \/>\n&#8211; Le concert de fin de stage, vendredi 18 juillet \u00e0 17h \u00e0 l\u2019espace animation.<\/p>\n<p>Le tout dans une ambiance conviviale et d\u00e9contract\u00e9e.<\/p>\n<p>Informations et r\u00e9servation \u00e9galement possible par :<br \/>\nT\u00e9l\u00e9phone: +33 (0)4 50 47 05 10<br \/>\nMail:  reservation@lescontamines.com<\/p>\n","protected":false},"excerpt":{"rendered":"<p>Une semaine conviviale de stage de chant choral, encadr\u00e9e par par nos chefs de ch\u0153ur : C\u00e9line Latour et Blanche Latour pour le r\u00e9pertoire classique, Helena Menachemoff pour le r\u00e9pertoire gospel et Jean Marie Couttet pour la vari\u00e9t\u00e9.<\/p>\n","protected":false},"featured_media":608155,"menu_order":0,"template":"","lex_activity_apidae_category":[78,162],"lex_activity_category":[],"lex_activity_tag":[],"class_list":["post-608154","lex_activity","type-lex_activity","status-publish","has-post-thumbnail","hentry"],"acf":[],"publishpress_future_workflow_manual_trigger":{"enabledWorkflows":[]},"_links":{"self":[{"href":"https:\/\/www.lemanexpress.com\/en\/wp-json\/wp\/v2\/lex_activity\/608154","targetHints":{"allow":["GET"]}}],"collection":[{"href":"https:\/\/www.lemanexpress.com\/en\/wp-json\/wp\/v2\/lex_activity"}],"about":[{"href":"https:\/\/www.lemanexpress.com\/en\/wp-json\/wp\/v2\/types\/lex_activity"}],"version-history":[{"count":0,"href":"https:\/\/www.lemanexpress.com\/en\/wp-json\/wp\/v2\/lex_activity\/608154\/revisions"}],"wp:featuredmedia":[{"embeddable":true,"href":"https:\/\/www.lemanexpress.com\/en\/wp-json\/wp\/v2\/media\/608155"}],"wp:attachment":[{"href":"https:\/\/www.lemanexpress.com\/en\/wp-json\/wp\/v2\/media?parent=608154"}],"wp:term":[{"taxonomy":"lex_activity_apidae_category","embeddable":true,"href":"https:\/\/www.lemanexpress.com\/en\/wp-json\/wp\/v2\/lex_activity_apidae_category?post=608154"},{"taxonomy":"lex_activity_category","embeddable":true,"href":"https:\/\/www.lemanexpress.com\/en\/wp-json\/wp\/v2\/lex_activity_category?post=608154"},{"taxonomy":"lex_activity_tag","embeddable":true,"href":"https:\/\/www.lemanexpress.com\/en\/wp-json\/wp\/v2\/lex_activity_tag?post=608154"}],"curies":[{"name":"wp","href":"https:\/\/api.w.org\/{rel}","templated":true}]}}

<p>Au programme de l’édition été 2026 du stage de chant choral « Vacances en Chœur », nous vous proposons de travailler, dans une ambiance conviviale.<br />
Quel que soit votre niveau vocal, vous trouverez dans ce stage tous les ingrédients pour progresser, découvrir, améliorer votre technique, votre musicalité, et surtout vous régaler.</p>
<p>Beaucoup de plaisir en perspective !</p>
<p>Au programme :</p>
<p>&#8211; 6 jours de cours de chant choral. 5h de chant par jour de 9h à 12h et de 17h à 19h.<br />
&#8211; Travail de la voix, respiration, justesse, prise de conscience du mécanisme vocal, apprentissage des chants&#8230;<br />
&#8211; Le concert de fin de stage, vendredi 18 juillet à 17h à l’espace animation.</p>
<p>Le tout dans une ambiance conviviale et décontractée.</p>
<p>Informations et réservation également possible par :<br />
Téléphone: +33 (0)4 50 47 05 10<br />
Mail:  reservation@lescontamines.com</p>

<p>Une semaine conviviale de stage de chant choral, encadrée par par nos chefs de chœur : Céline Latour et Blanche Latour pour le répertoire classique, Helena Menachemoff pour le répertoire gospel et Jean Marie Couttet pour la variété.</p>
