{"id":608070,"date":"2026-04-11T01:30:36","date_gmt":"2026-04-10T23:30:36","guid":{"rendered":"https:\/\/www.lemanexpress.com\/events\/28e-festival-baroque-du-pays-du-mont-blanc\/"},"modified":"2026-04-11T01:30:36","modified_gmt":"2026-04-10T23:30:36","slug":"28e-festival-baroque-du-pays-du-mont-blanc","status":"publish","type":"lex_activity","link":"https:\/\/www.lemanexpress.com\/en\/events\/28e-festival-baroque-du-pays-du-mont-blanc\/","title":{"rendered":"28e Festival Baroque du Pays du Mont-Blanc"},"content":{"rendered":"<p>Le festival baroque du Pays du Mont-Blanc revient pour une 28\u00e8me \u00e9dition sur le th\u00e8me &#8220;Saveurs Baroques&#8221;.<\/p>\n<p>Dans les diff\u00e9rentes communes du Pays du Mont-Blanc, venez assister \u00e0 des concerts, des conf\u00e9rences, ou encore des expositions au sein des \u00e9glises baroques du territoire.<\/p>\n<p>Ces petites p\u00e9pites d&#8217;architecture vous accueilleront, et feront r\u00e9sonner les instruments des musiciens et musiciennes qui y interpr\u00e8teront des musiques baroques, authentiques ou revisit\u00e9es \u00e0 leur mani\u00e8re.<\/p>\n<p>Plus plus d&#8217;informations et pour prendre vos billets, rendez-vous sur : https:\/\/www.festivalmontblanc.fr\/<\/p>\n","protected":false},"excerpt":{"rendered":"<p>Festival de musique baroque, concerts d&#8217;exception dans les diff\u00e9rents lieux du Pays du Mont-Blanc. Au programme, des d\u00e9couvertes sur l&#8217;art baroque, des conf\u00e9rences, des expositions et des animations.<\/p>\n","protected":false},"featured_media":608071,"menu_order":0,"template":"","lex_activity_apidae_category":[92],"lex_activity_category":[],"lex_activity_tag":[],"class_list":["post-608070","lex_activity","type-lex_activity","status-publish","has-post-thumbnail","hentry"],"acf":[],"publishpress_future_workflow_manual_trigger":{"enabledWorkflows":[]},"_links":{"self":[{"href":"https:\/\/www.lemanexpress.com\/en\/wp-json\/wp\/v2\/lex_activity\/608070","targetHints":{"allow":["GET"]}}],"collection":[{"href":"https:\/\/www.lemanexpress.com\/en\/wp-json\/wp\/v2\/lex_activity"}],"about":[{"href":"https:\/\/www.lemanexpress.com\/en\/wp-json\/wp\/v2\/types\/lex_activity"}],"version-history":[{"count":0,"href":"https:\/\/www.lemanexpress.com\/en\/wp-json\/wp\/v2\/lex_activity\/608070\/revisions"}],"wp:featuredmedia":[{"embeddable":true,"href":"https:\/\/www.lemanexpress.com\/en\/wp-json\/wp\/v2\/media\/608071"}],"wp:attachment":[{"href":"https:\/\/www.lemanexpress.com\/en\/wp-json\/wp\/v2\/media?parent=608070"}],"wp:term":[{"taxonomy":"lex_activity_apidae_category","embeddable":true,"href":"https:\/\/www.lemanexpress.com\/en\/wp-json\/wp\/v2\/lex_activity_apidae_category?post=608070"},{"taxonomy":"lex_activity_category","embeddable":true,"href":"https:\/\/www.lemanexpress.com\/en\/wp-json\/wp\/v2\/lex_activity_category?post=608070"},{"taxonomy":"lex_activity_tag","embeddable":true,"href":"https:\/\/www.lemanexpress.com\/en\/wp-json\/wp\/v2\/lex_activity_tag?post=608070"}],"curies":[{"name":"wp","href":"https:\/\/api.w.org\/{rel}","templated":true}]}}

<p>Le festival baroque du Pays du Mont-Blanc revient pour une 28ème édition sur le thème &#8220;Saveurs Baroques&#8221;.</p>
<p>Dans les différentes communes du Pays du Mont-Blanc, venez assister à des concerts, des conférences, ou encore des expositions au sein des églises baroques du territoire.</p>
<p>Ces petites pépites d&#8217;architecture vous accueilleront, et feront résonner les instruments des musiciens et musiciennes qui y interprèteront des musiques baroques, authentiques ou revisitées à leur manière.</p>
<p>Plus plus d&#8217;informations et pour prendre vos billets, rendez-vous sur : https://www.festivalmontblanc.fr/</p>

<p>Festival de musique baroque, concerts d&#8217;exception dans les différents lieux du Pays du Mont-Blanc. Au programme, des découvertes sur l&#8217;art baroque, des conférences, des expositions et des animations.</p>
