{"id":608054,"date":"2026-04-11T01:30:14","date_gmt":"2026-04-10T23:30:14","guid":{"rendered":"https:\/\/www.lemanexpress.com\/events\/tour-du-mont-blanc-cyclo\/"},"modified":"2026-04-11T01:30:14","modified_gmt":"2026-04-10T23:30:14","slug":"tour-du-mont-blanc-cyclo","status":"publish","type":"lex_activity","link":"https:\/\/www.lemanexpress.com\/en\/events\/tour-du-mont-blanc-cyclo\/","title":{"rendered":"Tour du mont blanc &#8211; Cyclo"},"content":{"rendered":"<p>Les coureurs passeront sur le pont de Saint-Gervais, puis descendront vers Le Fayet par la route de Saint-Gervais avant de se diriger vers l\u2019avenue de Chamonix et l\u2019avenue de la Plaine.<\/p>\n<p>Si vous voulez venir encourager ces athl\u00e8tes, rendez-vous entre 6 h et 7 h du matin, le samedi 11 juillet 2026.<\/p>\n","protected":false},"excerpt":{"rendered":"<p>Le Tour du Mont-Blanc Cyclo est une r\u00e9f\u00e9rence parmi les \u00e9preuves d\u2019ultra-cyclisme. Au d\u00e9part des Saisies, les coureurs devront parcourir 330 km et 8 300 m de d\u00e9nivel\u00e9 positif en une seule journ\u00e9e<\/p>\n","protected":false},"featured_media":608055,"menu_order":0,"template":"","lex_activity_apidae_category":[108],"lex_activity_category":[],"lex_activity_tag":[],"class_list":["post-608054","lex_activity","type-lex_activity","status-publish","has-post-thumbnail","hentry"],"acf":[],"publishpress_future_workflow_manual_trigger":{"enabledWorkflows":[]},"_links":{"self":[{"href":"https:\/\/www.lemanexpress.com\/en\/wp-json\/wp\/v2\/lex_activity\/608054","targetHints":{"allow":["GET"]}}],"collection":[{"href":"https:\/\/www.lemanexpress.com\/en\/wp-json\/wp\/v2\/lex_activity"}],"about":[{"href":"https:\/\/www.lemanexpress.com\/en\/wp-json\/wp\/v2\/types\/lex_activity"}],"version-history":[{"count":0,"href":"https:\/\/www.lemanexpress.com\/en\/wp-json\/wp\/v2\/lex_activity\/608054\/revisions"}],"wp:featuredmedia":[{"embeddable":true,"href":"https:\/\/www.lemanexpress.com\/en\/wp-json\/wp\/v2\/media\/608055"}],"wp:attachment":[{"href":"https:\/\/www.lemanexpress.com\/en\/wp-json\/wp\/v2\/media?parent=608054"}],"wp:term":[{"taxonomy":"lex_activity_apidae_category","embeddable":true,"href":"https:\/\/www.lemanexpress.com\/en\/wp-json\/wp\/v2\/lex_activity_apidae_category?post=608054"},{"taxonomy":"lex_activity_category","embeddable":true,"href":"https:\/\/www.lemanexpress.com\/en\/wp-json\/wp\/v2\/lex_activity_category?post=608054"},{"taxonomy":"lex_activity_tag","embeddable":true,"href":"https:\/\/www.lemanexpress.com\/en\/wp-json\/wp\/v2\/lex_activity_tag?post=608054"}],"curies":[{"name":"wp","href":"https:\/\/api.w.org\/{rel}","templated":true}]}}

<p>Les coureurs passeront sur le pont de Saint-Gervais, puis descendront vers Le Fayet par la route de Saint-Gervais avant de se diriger vers l’avenue de Chamonix et l’avenue de la Plaine.</p>
<p>Si vous voulez venir encourager ces athlètes, rendez-vous entre 6 h et 7 h du matin, le samedi 11 juillet 2026.</p>

<p>Le Tour du Mont-Blanc Cyclo est une référence parmi les épreuves d’ultra-cyclisme. Au départ des Saisies, les coureurs devront parcourir 330 km et 8 300 m de dénivelé positif en une seule journée</p>
