{"id":604426,"date":"2026-03-03T00:33:19","date_gmt":"2026-03-02T23:33:19","guid":{"rendered":"https:\/\/www.lemanexpress.com\/events\/festival-du-film-vert-trop-chaud-les-ainees-pour-le-climat-contre-la-suisse\/"},"modified":"2026-03-03T00:33:19","modified_gmt":"2026-03-02T23:33:19","slug":"festival-du-film-vert-trop-chaud-les-ainees-pour-le-climat-contre-la-suisse","status":"publish","type":"lex_activity","link":"https:\/\/www.lemanexpress.com\/en\/events\/festival-du-film-vert-trop-chaud-les-ainees-pour-le-climat-contre-la-suisse\/","title":{"rendered":"Festival du Film Vert &#8211; Trop chaud ! Les A\u00een\u00e9es pour le climat contre la Suisse"},"content":{"rendered":"<p>10h30, projection de TROP CHAUD. Un film de Benjamin Weiss \u2013 Suisse \u2013 2025 \u2013 1h18 min<br \/>\nPourquoi, malgr\u00e9 les avertissements et les dangers \u00e0 venir, ne parvenons-nous pas \u00e0 trouver des r\u00e9ponses au plus grand d\u00e9fi de notre temps ? TROP CHAUD, relate le bras de fer in\u00e9dit entre un groupe d\u2019ain\u00e9es, citoyennes suisses et le gouvernement f\u00e9d\u00e9ral. Un dialogue de sourd qui aboutit jusqu\u2018\u00e0 la Cour europ\u00e9enne des droits de l\u2019homme. Une aventure inspirante et in\u00e9dite, de t\u00e9nacit\u00e9, de volont\u00e9 collective et de justice !<\/p>\n<p>11h45 \u00e9changes avec Anne Mahrer, ancienne d\u00e9put\u00e9e suisse et co-pr\u00e9sidente des A\u00een\u00e9es pour le climat. Son engagement et le parcours nourriront la discussion.<\/p>\n<p>12h45 environ : prolongeons la rencontre autour d\u2019un \u201cbuffet canadien\u201d et poursuivons les \u00e9changes en toute convivialit\u00e9. Chacun\u00b7e est bienvenu\u00b7e avec une petite contribution \u00e0 partager.<\/p>\n","protected":false},"excerpt":{"rendered":"<p>Ma Maison des Habitants a le plaisir de vous proposer, dans le cadre du Festival du film vert, la projection de \u00ab TROP CHAUD ! Les A\u00een\u00e9es pour le climat contre la Suisse \u00bb, suivi d\u2019une discussion avec Anne Mahrer  ainsi qu\u2019un repas partag\u00e9.<\/p>\n","protected":false},"featured_media":604427,"menu_order":0,"template":"","lex_activity_apidae_category":[90],"lex_activity_category":[],"lex_activity_tag":[],"class_list":["post-604426","lex_activity","type-lex_activity","status-publish","has-post-thumbnail","hentry"],"acf":[],"publishpress_future_workflow_manual_trigger":{"enabledWorkflows":[]},"_links":{"self":[{"href":"https:\/\/www.lemanexpress.com\/en\/wp-json\/wp\/v2\/lex_activity\/604426","targetHints":{"allow":["GET"]}}],"collection":[{"href":"https:\/\/www.lemanexpress.com\/en\/wp-json\/wp\/v2\/lex_activity"}],"about":[{"href":"https:\/\/www.lemanexpress.com\/en\/wp-json\/wp\/v2\/types\/lex_activity"}],"version-history":[{"count":0,"href":"https:\/\/www.lemanexpress.com\/en\/wp-json\/wp\/v2\/lex_activity\/604426\/revisions"}],"wp:featuredmedia":[{"embeddable":true,"href":"https:\/\/www.lemanexpress.com\/en\/wp-json\/wp\/v2\/media\/604427"}],"wp:attachment":[{"href":"https:\/\/www.lemanexpress.com\/en\/wp-json\/wp\/v2\/media?parent=604426"}],"wp:term":[{"taxonomy":"lex_activity_apidae_category","embeddable":true,"href":"https:\/\/www.lemanexpress.com\/en\/wp-json\/wp\/v2\/lex_activity_apidae_category?post=604426"},{"taxonomy":"lex_activity_category","embeddable":true,"href":"https:\/\/www.lemanexpress.com\/en\/wp-json\/wp\/v2\/lex_activity_category?post=604426"},{"taxonomy":"lex_activity_tag","embeddable":true,"href":"https:\/\/www.lemanexpress.com\/en\/wp-json\/wp\/v2\/lex_activity_tag?post=604426"}],"curies":[{"name":"wp","href":"https:\/\/api.w.org\/{rel}","templated":true}]}}

Festival du Film Vert &#8211; Trop chaud ! Les Aînées pour le climat contre la Suisse

<p>10h30, projection de TROP CHAUD. Un film de Benjamin Weiss – Suisse – 2025 – 1h18 min<br />
Pourquoi, malgré les avertissements et les dangers à venir, ne parvenons-nous pas à trouver des réponses au plus grand défi de notre temps ? TROP CHAUD, relate le bras de fer inédit entre un groupe d’ainées, citoyennes suisses et le gouvernement fédéral. Un dialogue de sourd qui aboutit jusqu‘à la Cour européenne des droits de l’homme. Une aventure inspirante et inédite, de ténacité, de volonté collective et de justice !</p>
<p>11h45 échanges avec Anne Mahrer, ancienne députée suisse et co-présidente des Aînées pour le climat. Son engagement et le parcours nourriront la discussion.</p>
<p>12h45 environ : prolongeons la rencontre autour d’un “buffet canadien” et poursuivons les échanges en toute convivialité. Chacun·e est bienvenu·e avec une petite contribution à partager.</p>

<p>Ma Maison des Habitants a le plaisir de vous proposer, dans le cadre du Festival du film vert, la projection de « TROP CHAUD ! Les Aînées pour le climat contre la Suisse », suivi d’une discussion avec Anne Mahrer  ainsi qu’un repas partagé.</p>
