{"id":620760,"date":"2026-08-26T01:30:09","date_gmt":"2026-08-25T23:30:09","guid":{"rendered":"https:\/\/www.lemanexpress.com\/events\/projection-du-film-les-100-ans-des-vaches-dherens-au-centre-culturel-de-la-gorge\/"},"modified":"2026-08-26T01:30:09","modified_gmt":"2026-08-25T23:30:09","slug":"projection-du-film-les-100-ans-des-vaches-dherens-au-centre-culturel-de-la-gorge","status":"publish","type":"lex_activity","link":"https:\/\/www.lemanexpress.com\/de\/events\/projection-du-film-les-100-ans-des-vaches-dherens-au-centre-culturel-de-la-gorge\/","title":{"rendered":"Projection du film &#8222;Les 100 ans des vaches d&#8217;H\u00e9rens&#8220; au Centre Culturel de la Gorge"},"content":{"rendered":"<p>Un documentaire suisse de la s\u00e9rie \u00abPasse moi les jumelles\u00bb. <\/p>\n<p>Des sabots bien sur terre, ceux des vaches de la race d\u2019H\u00e9rens \u00e0 qui PAJU rend hommage. Et la t\u00eate dans les nuages, celle de Matthieu Fournier qui met le cap sur le Jura, de Saint-Ursanne aux hauteurs gr\u00e2ce \u00e0 des courants ascendants qui le porteront \u00e0 plus de 1600 m\u00e8tres&#8230; <\/p>\n<p>La projection sera suivie d\u2019un temps d\u2019\u00e9changes avec les agriculteurs locaux, \u00e9leveurs de la race H\u00e9rens.<\/p>\n","protected":false},"excerpt":{"rendered":"<p>Cette soir\u00e9e projection vous est propos\u00e9e dans le cadre du programme du centre culturel de la Gorge.<\/p>\n","protected":false},"featured_media":621085,"menu_order":0,"template":"","lex_activity_apidae_category":[90,89],"lex_activity_category":[],"lex_activity_tag":[],"class_list":["post-620760","lex_activity","type-lex_activity","status-publish","has-post-thumbnail","hentry"],"acf":[],"publishpress_future_workflow_manual_trigger":{"enabledWorkflows":[]},"_links":{"self":[{"href":"https:\/\/www.lemanexpress.com\/de\/wp-json\/wp\/v2\/lex_activity\/620760","targetHints":{"allow":["GET"]}}],"collection":[{"href":"https:\/\/www.lemanexpress.com\/de\/wp-json\/wp\/v2\/lex_activity"}],"about":[{"href":"https:\/\/www.lemanexpress.com\/de\/wp-json\/wp\/v2\/types\/lex_activity"}],"version-history":[{"count":0,"href":"https:\/\/www.lemanexpress.com\/de\/wp-json\/wp\/v2\/lex_activity\/620760\/revisions"}],"wp:featuredmedia":[{"embeddable":true,"href":"https:\/\/www.lemanexpress.com\/de\/wp-json\/wp\/v2\/media\/621085"}],"wp:attachment":[{"href":"https:\/\/www.lemanexpress.com\/de\/wp-json\/wp\/v2\/media?parent=620760"}],"wp:term":[{"taxonomy":"lex_activity_apidae_category","embeddable":true,"href":"https:\/\/www.lemanexpress.com\/de\/wp-json\/wp\/v2\/lex_activity_apidae_category?post=620760"},{"taxonomy":"lex_activity_category","embeddable":true,"href":"https:\/\/www.lemanexpress.com\/de\/wp-json\/wp\/v2\/lex_activity_category?post=620760"},{"taxonomy":"lex_activity_tag","embeddable":true,"href":"https:\/\/www.lemanexpress.com\/de\/wp-json\/wp\/v2\/lex_activity_tag?post=620760"}],"curies":[{"name":"wp","href":"https:\/\/api.w.org\/{rel}","templated":true}]}}

Projection du film &#8222;Les 100 ans des vaches d&#8217;Hérens&#8220; au Centre Culturel de la Gorge

<p>Un documentaire suisse de la série «Passe moi les jumelles». </p>
<p>Des sabots bien sur terre, ceux des vaches de la race d’Hérens à qui PAJU rend hommage. Et la tête dans les nuages, celle de Matthieu Fournier qui met le cap sur le Jura, de Saint-Ursanne aux hauteurs grâce à des courants ascendants qui le porteront à plus de 1600 mètres&#8230; </p>
<p>La projection sera suivie d’un temps d’échanges avec les agriculteurs locaux, éleveurs de la race Hérens.</p>

<p>Cette soirée projection vous est proposée dans le cadre du programme du centre culturel de la Gorge.</p>
