{"id":620201,"date":"2026-08-19T01:30:17","date_gmt":"2026-08-18T23:30:17","guid":{"rendered":"https:\/\/www.lemanexpress.com\/events\/journees-europeennes-du-patrimoine-2026\/"},"modified":"2026-08-19T01:30:17","modified_gmt":"2026-08-18T23:30:17","slug":"journees-europeennes-du-patrimoine-2026","status":"publish","type":"lex_activity","link":"https:\/\/www.lemanexpress.com\/de\/events\/journees-europeennes-du-patrimoine-2026\/","title":{"rendered":"Journ\u00e9es europ\u00e9ennes du patrimoine 2026"},"content":{"rendered":"<p>Organis\u00e9es depuis 1984 \u00e0 l&#8217;initiative du minist\u00e8re de la Culture, les Journ\u00e9es Europ\u00e9ennes du Patrimoine constituent le rendez-vous culturel incontournable de la rentr\u00e9e. Les 19 et 20 septembre 2026, la Ville invite habitants et visiteurs \u00e0 explorer le patrimoine naturel d&#8217;Annemasse.<\/p>\n<p>Le programme \u00e0 Annemasse<br \/>\nL&#8217;H\u00f4tel de Ville, la G\u00e9line, les Archives Municipales&#8230; Visites guid\u00e9es et parcours comment\u00e9s permettront de mieux comprendre l&#8217;histoire et l&#8217;\u00e9volution d&#8217;Annemasse, entre tradition haut-savoyarde, terre de rendez-vous historiques, et modernit\u00e9 transfrontali\u00e8re. Sans plus attendre, d\u00e9couvrez le programme.<\/p>\n","protected":false},"excerpt":{"rendered":"<p>Les 19 et 20 septembre 2026, Annemasse c\u00e9l\u00e8bre le patrimoine naturel \u00e0 l&#8217;occasion de la 43e \u00e9dition des Journ\u00e9es Europ\u00e9ennes du Patrimoine. Deux jours pour d\u00e9couvrir le patrimoine embl\u00e9matique de la ville \u00e0 travers un programme d&#8217;animations gratuites.<\/p>\n","protected":false},"featured_media":621134,"menu_order":0,"template":"","lex_activity_apidae_category":[90,79,247],"lex_activity_category":[],"lex_activity_tag":[],"class_list":["post-620201","lex_activity","type-lex_activity","status-publish","has-post-thumbnail","hentry"],"acf":[],"publishpress_future_workflow_manual_trigger":{"enabledWorkflows":[]},"_links":{"self":[{"href":"https:\/\/www.lemanexpress.com\/de\/wp-json\/wp\/v2\/lex_activity\/620201","targetHints":{"allow":["GET"]}}],"collection":[{"href":"https:\/\/www.lemanexpress.com\/de\/wp-json\/wp\/v2\/lex_activity"}],"about":[{"href":"https:\/\/www.lemanexpress.com\/de\/wp-json\/wp\/v2\/types\/lex_activity"}],"version-history":[{"count":0,"href":"https:\/\/www.lemanexpress.com\/de\/wp-json\/wp\/v2\/lex_activity\/620201\/revisions"}],"wp:featuredmedia":[{"embeddable":true,"href":"https:\/\/www.lemanexpress.com\/de\/wp-json\/wp\/v2\/media\/621134"}],"wp:attachment":[{"href":"https:\/\/www.lemanexpress.com\/de\/wp-json\/wp\/v2\/media?parent=620201"}],"wp:term":[{"taxonomy":"lex_activity_apidae_category","embeddable":true,"href":"https:\/\/www.lemanexpress.com\/de\/wp-json\/wp\/v2\/lex_activity_apidae_category?post=620201"},{"taxonomy":"lex_activity_category","embeddable":true,"href":"https:\/\/www.lemanexpress.com\/de\/wp-json\/wp\/v2\/lex_activity_category?post=620201"},{"taxonomy":"lex_activity_tag","embeddable":true,"href":"https:\/\/www.lemanexpress.com\/de\/wp-json\/wp\/v2\/lex_activity_tag?post=620201"}],"curies":[{"name":"wp","href":"https:\/\/api.w.org\/{rel}","templated":true}]}}

Journées européennes du patrimoine 2026

<p>Organisées depuis 1984 à l&#8217;initiative du ministère de la Culture, les Journées Européennes du Patrimoine constituent le rendez-vous culturel incontournable de la rentrée. Les 19 et 20 septembre 2026, la Ville invite habitants et visiteurs à explorer le patrimoine naturel d&#8217;Annemasse.</p>
<p>Le programme à Annemasse<br />
L&#8217;Hôtel de Ville, la Géline, les Archives Municipales&#8230; Visites guidées et parcours commentés permettront de mieux comprendre l&#8217;histoire et l&#8217;évolution d&#8217;Annemasse, entre tradition haut-savoyarde, terre de rendez-vous historiques, et modernité transfrontalière. Sans plus attendre, découvrez le programme.</p>

<p>Les 19 et 20 septembre 2026, Annemasse célèbre le patrimoine naturel à l&#8217;occasion de la 43e édition des Journées Européennes du Patrimoine. Deux jours pour découvrir le patrimoine emblématique de la ville à travers un programme d&#8217;animations gratuites.</p>
