{"id":619884,"date":"2026-08-15T01:30:15","date_gmt":"2026-08-14T23:30:15","guid":{"rendered":"https:\/\/www.lemanexpress.com\/events\/conference-le-pourquoi-pas-un-navire-de-legende\/"},"modified":"2026-08-15T01:30:15","modified_gmt":"2026-08-14T23:30:15","slug":"conference-le-pourquoi-pas-un-navire-de-legende","status":"publish","type":"lex_activity","link":"https:\/\/www.lemanexpress.com\/de\/events\/conference-le-pourquoi-pas-un-navire-de-legende\/","title":{"rendered":"Conf\u00e9rence &#8222;le Pourquoi-pas ? Un navire de l\u00e9gende&#8220;"},"content":{"rendered":"<p>Il y a 90 ans, un navire fran\u00e7ais faisait naufrage sur les r\u00e9cifs \u00e0 quelques milles nautiques des c\u00f4tes islandaises. Il s&#8217;agissait du Pourquoi-Pas ?, l&#8217;un des navires d&#8217;exploration les plus c\u00e9l\u00e8bres de l&#8217;histoire fran\u00e7aise, \u00e9troitement associ\u00e9 \u00e0 Jean-Baptiste Charcot, m\u00e9decin de formation mais marin de vocation.<\/p>\n","protected":false},"excerpt":{"rendered":"<p>Conf\u00e9rence par Serge Khan, auteur et pr\u00e9sident des \u00ab Amis du Commandant Charcot et du Pourquoi Pas ? \u00bb. Conf\u00e9rence propos\u00e9e par l&#8217;association \u00c9vian-mod\u00e9lisme.<\/p>\n","protected":false},"featured_media":619885,"menu_order":0,"template":"","lex_activity_apidae_category":[90],"lex_activity_category":[],"lex_activity_tag":[],"class_list":["post-619884","lex_activity","type-lex_activity","status-publish","has-post-thumbnail","hentry"],"acf":[],"publishpress_future_workflow_manual_trigger":{"enabledWorkflows":[]},"_links":{"self":[{"href":"https:\/\/www.lemanexpress.com\/de\/wp-json\/wp\/v2\/lex_activity\/619884","targetHints":{"allow":["GET"]}}],"collection":[{"href":"https:\/\/www.lemanexpress.com\/de\/wp-json\/wp\/v2\/lex_activity"}],"about":[{"href":"https:\/\/www.lemanexpress.com\/de\/wp-json\/wp\/v2\/types\/lex_activity"}],"version-history":[{"count":0,"href":"https:\/\/www.lemanexpress.com\/de\/wp-json\/wp\/v2\/lex_activity\/619884\/revisions"}],"wp:featuredmedia":[{"embeddable":true,"href":"https:\/\/www.lemanexpress.com\/de\/wp-json\/wp\/v2\/media\/619885"}],"wp:attachment":[{"href":"https:\/\/www.lemanexpress.com\/de\/wp-json\/wp\/v2\/media?parent=619884"}],"wp:term":[{"taxonomy":"lex_activity_apidae_category","embeddable":true,"href":"https:\/\/www.lemanexpress.com\/de\/wp-json\/wp\/v2\/lex_activity_apidae_category?post=619884"},{"taxonomy":"lex_activity_category","embeddable":true,"href":"https:\/\/www.lemanexpress.com\/de\/wp-json\/wp\/v2\/lex_activity_category?post=619884"},{"taxonomy":"lex_activity_tag","embeddable":true,"href":"https:\/\/www.lemanexpress.com\/de\/wp-json\/wp\/v2\/lex_activity_tag?post=619884"}],"curies":[{"name":"wp","href":"https:\/\/api.w.org\/{rel}","templated":true}]}}

Conférence &#8222;le Pourquoi-pas ? Un navire de légende&#8220;

<p>Il y a 90 ans, un navire français faisait naufrage sur les récifs à quelques milles nautiques des côtes islandaises. Il s&#8217;agissait du Pourquoi-Pas ?, l&#8217;un des navires d&#8217;exploration les plus célèbres de l&#8217;histoire française, étroitement associé à Jean-Baptiste Charcot, médecin de formation mais marin de vocation.</p>

<p>Conférence par Serge Khan, auteur et président des « Amis du Commandant Charcot et du Pourquoi Pas ? ». Conférence proposée par l&#8217;association Évian-modélisme.</p>
