{"id":609564,"date":"2026-04-28T01:30:37","date_gmt":"2026-04-27T23:30:37","guid":{"rendered":"https:\/\/www.lemanexpress.com\/events\/pre-ouverture-du-jardin-des-cimes-terrasse-marche-aux-plantes\/"},"modified":"2026-04-29T01:30:30","modified_gmt":"2026-04-28T23:30:30","slug":"pre-ouverture-du-jardin-des-cimes-terrasse-marche-aux-plantes","status":"publish","type":"lex_activity","link":"https:\/\/www.lemanexpress.com\/de\/events\/pre-ouverture-du-jardin-des-cimes-terrasse-marche-aux-plantes\/","title":{"rendered":"Pr\u00e9-ouverture du jardin des cimes : terrasse &amp; march\u00e9 aux plantes"},"content":{"rendered":"<p>Au c\u0153ur du Jardin des Cimes, \u00e0 l\u2019\u00e9cart de la circulation et au pied du massif des Fiz, la terrasse du Jardin des Cimes est sans conteste une des plus belles terrasses face au massif du Mont-Blanc. Venez en profiter d\u00e8s son ouverture!<br \/>\n&#8211; sa boutique, organis\u00e9e cette ann\u00e9e avec une sc\u00e9nographie s&#8217;inspirant du parcours des jardins, vous retrouverez une s\u00e9lection de livres, de graines, de tableaux, de produits alimentaires, d\u2019artisanat local&#8230;<br \/>\n &#8211; le Caf\u00e9 du Jardin, sous la direction de notre nouvelle cheffe Ana Jaramillo, vous invite \u00e0 venir profiter de la terrasse et de nos &#8222;assiettes jardins&#8220; !<br \/>\n &#8211; tenu par des b\u00e9n\u00e9voles de l\u2019association, le march\u00e9 aux plantes du mercredi au dimanche 10h\/17h, pour la vente de fleurs, l\u00e9gumes et aromatiques.<\/p>\n","protected":false},"excerpt":{"rendered":"<p>La terrasse du Jardin des Cimes, avec la boutique et le Caf\u00e9 du Jardin, vous accueillent pour son traditionnel march\u00e9 aux plantes!<br \/>\nNe manquez pas cette occasion de d\u00e9couvrir une diversit\u00e9 originale de fleurs, l\u00e9gumes et plantes aromatiques<\/p>\n","protected":false},"featured_media":609565,"menu_order":0,"template":"","lex_activity_apidae_category":[95],"lex_activity_category":[],"lex_activity_tag":[],"class_list":["post-609564","lex_activity","type-lex_activity","status-publish","has-post-thumbnail","hentry"],"acf":[],"publishpress_future_workflow_manual_trigger":{"enabledWorkflows":[]},"_links":{"self":[{"href":"https:\/\/www.lemanexpress.com\/de\/wp-json\/wp\/v2\/lex_activity\/609564","targetHints":{"allow":["GET"]}}],"collection":[{"href":"https:\/\/www.lemanexpress.com\/de\/wp-json\/wp\/v2\/lex_activity"}],"about":[{"href":"https:\/\/www.lemanexpress.com\/de\/wp-json\/wp\/v2\/types\/lex_activity"}],"version-history":[{"count":1,"href":"https:\/\/www.lemanexpress.com\/de\/wp-json\/wp\/v2\/lex_activity\/609564\/revisions"}],"predecessor-version":[{"id":609674,"href":"https:\/\/www.lemanexpress.com\/de\/wp-json\/wp\/v2\/lex_activity\/609564\/revisions\/609674"}],"wp:featuredmedia":[{"embeddable":true,"href":"https:\/\/www.lemanexpress.com\/de\/wp-json\/wp\/v2\/media\/609565"}],"wp:attachment":[{"href":"https:\/\/www.lemanexpress.com\/de\/wp-json\/wp\/v2\/media?parent=609564"}],"wp:term":[{"taxonomy":"lex_activity_apidae_category","embeddable":true,"href":"https:\/\/www.lemanexpress.com\/de\/wp-json\/wp\/v2\/lex_activity_apidae_category?post=609564"},{"taxonomy":"lex_activity_category","embeddable":true,"href":"https:\/\/www.lemanexpress.com\/de\/wp-json\/wp\/v2\/lex_activity_category?post=609564"},{"taxonomy":"lex_activity_tag","embeddable":true,"href":"https:\/\/www.lemanexpress.com\/de\/wp-json\/wp\/v2\/lex_activity_tag?post=609564"}],"curies":[{"name":"wp","href":"https:\/\/api.w.org\/{rel}","templated":true}]}}

Pré-ouverture du jardin des cimes : terrasse &amp; marché aux plantes

<p>Au cœur du Jardin des Cimes, à l’écart de la circulation et au pied du massif des Fiz, la terrasse du Jardin des Cimes est sans conteste une des plus belles terrasses face au massif du Mont-Blanc. Venez en profiter dès son ouverture!<br />
&#8211; sa boutique, organisée cette année avec une scénographie s&#8217;inspirant du parcours des jardins, vous retrouverez une sélection de livres, de graines, de tableaux, de produits alimentaires, d’artisanat local&#8230;<br />
 &#8211; le Café du Jardin, sous la direction de notre nouvelle cheffe Ana Jaramillo, vous invite à venir profiter de la terrasse et de nos &#8222;assiettes jardins&#8220; !<br />
 &#8211; tenu par des bénévoles de l’association, le marché aux plantes du mercredi au dimanche 10h/17h, pour la vente de fleurs, légumes et aromatiques.</p>

<p>La terrasse du Jardin des Cimes, avec la boutique et le Café du Jardin, vous accueillent pour son traditionnel marché aux plantes!<br />
Ne manquez pas cette occasion de découvrir une diversité originale de fleurs, légumes et plantes aromatiques</p>
