{"id":609459,"date":"2026-04-25T01:31:50","date_gmt":"2026-04-24T23:31:50","guid":{"rendered":"https:\/\/www.lemanexpress.com\/events\/dre-dans-ldarbon-rando-vtt-pedestre\/"},"modified":"2026-04-30T01:30:51","modified_gmt":"2026-04-29T23:30:51","slug":"dre-dans-ldarbon-rando-vtt-pedestre","status":"publish","type":"lex_activity","link":"https:\/\/www.lemanexpress.com\/de\/events\/dre-dans-ldarbon-rando-vtt-pedestre\/","title":{"rendered":"Dr\u00e9 Dans L&#8217;Darbon &#8211; Rando VTT &amp; P\u00e9destre"},"content":{"rendered":"<p>Participez \u00e0 la 16\u00e8me \u00e9dition de la Rando VTT &amp; P\u00e9destre \u00e0 Domancy, au c\u0153ur du Pays du Mont-Blanc. L&#8217;\u00e9v\u00e9nement propose une randonn\u00e9e p\u00e9destre, quatre parcours VTT in\u00e9dits et une course de draisienne pour les plus jeunes. Venez profiter d&#8217;une journ\u00e9e sportive en pleine nature.<\/p>\n","protected":false},"excerpt":{"rendered":"<p>16\u00e8me \u00e9dition de la Rando VTT &amp; P\u00e9destre \u00e0 Domancy, proposant des parcours VTT in\u00e9dits, une rando p\u00e9destre et une course de draisienne.<\/p>\n","protected":false},"featured_media":609460,"menu_order":0,"template":"","lex_activity_apidae_category":[],"lex_activity_category":[],"lex_activity_tag":[],"class_list":["post-609459","lex_activity","type-lex_activity","status-publish","has-post-thumbnail","hentry"],"acf":[],"publishpress_future_workflow_manual_trigger":{"enabledWorkflows":[]},"_links":{"self":[{"href":"https:\/\/www.lemanexpress.com\/de\/wp-json\/wp\/v2\/lex_activity\/609459","targetHints":{"allow":["GET"]}}],"collection":[{"href":"https:\/\/www.lemanexpress.com\/de\/wp-json\/wp\/v2\/lex_activity"}],"about":[{"href":"https:\/\/www.lemanexpress.com\/de\/wp-json\/wp\/v2\/types\/lex_activity"}],"version-history":[{"count":1,"href":"https:\/\/www.lemanexpress.com\/de\/wp-json\/wp\/v2\/lex_activity\/609459\/revisions"}],"predecessor-version":[{"id":609516,"href":"https:\/\/www.lemanexpress.com\/de\/wp-json\/wp\/v2\/lex_activity\/609459\/revisions\/609516"}],"wp:featuredmedia":[{"embeddable":true,"href":"https:\/\/www.lemanexpress.com\/de\/wp-json\/wp\/v2\/media\/609460"}],"wp:attachment":[{"href":"https:\/\/www.lemanexpress.com\/de\/wp-json\/wp\/v2\/media?parent=609459"}],"wp:term":[{"taxonomy":"lex_activity_apidae_category","embeddable":true,"href":"https:\/\/www.lemanexpress.com\/de\/wp-json\/wp\/v2\/lex_activity_apidae_category?post=609459"},{"taxonomy":"lex_activity_category","embeddable":true,"href":"https:\/\/www.lemanexpress.com\/de\/wp-json\/wp\/v2\/lex_activity_category?post=609459"},{"taxonomy":"lex_activity_tag","embeddable":true,"href":"https:\/\/www.lemanexpress.com\/de\/wp-json\/wp\/v2\/lex_activity_tag?post=609459"}],"curies":[{"name":"wp","href":"https:\/\/api.w.org\/{rel}","templated":true}]}}

Dré Dans L&#8217;Darbon &#8211; Rando VTT &amp; Pédestre

<p>Participez à la 16ème édition de la Rando VTT &amp; Pédestre à Domancy, au cœur du Pays du Mont-Blanc. L&#8217;événement propose une randonnée pédestre, quatre parcours VTT inédits et une course de draisienne pour les plus jeunes. Venez profiter d&#8217;une journée sportive en pleine nature.</p>

<p>16ème édition de la Rando VTT &amp; Pédestre à Domancy, proposant des parcours VTT inédits, une rando pédestre et une course de draisienne.</p>
