{"id":609384,"date":"2026-04-25T01:30:11","date_gmt":"2026-04-24T23:30:11","guid":{"rendered":"https:\/\/www.lemanexpress.com\/events\/carnets-dalpage-5eme-rencontres-du-croquis-en-montagne\/"},"modified":"2026-04-25T01:30:11","modified_gmt":"2026-04-24T23:30:11","slug":"carnets-dalpage-5eme-rencontres-du-croquis-en-montagne","status":"publish","type":"lex_activity","link":"https:\/\/www.lemanexpress.com\/de\/events\/carnets-dalpage-5eme-rencontres-du-croquis-en-montagne\/","title":{"rendered":"Carnets d&#8217;Alpage : 5\u00e8me rencontres du croquis en montagne"},"content":{"rendered":"<p>Du samedi 25 au jeudi 30 juillet, c&#8217;est au Grand-Bornand que se retrouveront les professionnels et amateurs du croquis et du dessin sur le vif, pour une session sp\u00e9ciale &#8222;Montagne&#8220;.<\/p>\n<p>Vous souhaitez perfectionner votre technique ou tout simplement apprendre les bases du croquis et du dessin sur le vif, au coeur des magnifiques paysages et des pentes douces du Grand-Bornand ? <\/p>\n<p>Alors, c&#8217;est ici que \u00e7a se passe !<\/p>\n<p>Au programme, 6 jours d&#8217;ateliers encadr\u00e9s, pour adultes, enfants et familles, de sketchcrawl &#8222;On dessine tous ensemble&#8220;, d&#8217;expositions et d\u2019\u00e9changes autour du croquis en montagne.<\/p>\n<p>Cette ann\u00e9e, aux c\u00f4t\u00e9s des 3 sp\u00e9cialistes fran\u00e7ais de la discipline et organisateurs de l&#8217;\u00e9v\u00e9nement :<br \/>\n&#8211; Pierre AMOUDRY &#8211; pierreamoudry.com<br \/>\n&#8211; Vincent DESPLANCHES &#8211; instagram.com\/vincentdesplanche<br \/>\n&#8211; Luc PERILLAT &#8211; lucperillat.fr<\/p>\n<p>plusieurs artistes internationaux sont invit\u00e9s \u00e0 venir pr\u00e9senter leurs techniques et savoir-faire en la mati\u00e8re :<br \/>\n&#8211; Maru GODAS (Espagne) &#8211; marugodas.com<br \/>\n&#8211; Theres R\u00dcSTCHI (Suisse) &#8211; instagram.com\/papermoon_32<br \/>\n&#8211; Laurent WILLENEGGER (Suisse) &#8211; laurentwillenegger.ch<\/p>\n<p>Programme complet, r\u00e9servation et billetterie \u00e0 venir sur carnetsdalpage.fr\/carnets-dalpage-2026-programme<\/p>\n<p>Un \u00e9v\u00e9nement organis\u00e9 en partenariat avec la Commune du Grand-Bornand, Le Grand-Bornand Tourisme et le Domaine skiable.<\/p>\n","protected":false},"excerpt":{"rendered":"<p>Carnets d&#8217;Alpage, rencontres du croquis en montagne, est de retour au Grand-Bornand pour une 5\u00e8me \u00e9dition concoct\u00e9e par le trio d\u2019artistes-croqueurs Pierre Amoudry, Vincent Desplanche et Luc Perillat.<\/p>\n","protected":false},"featured_media":609385,"menu_order":0,"template":"","lex_activity_apidae_category":[90,82,102],"lex_activity_category":[],"lex_activity_tag":[],"class_list":["post-609384","lex_activity","type-lex_activity","status-publish","has-post-thumbnail","hentry"],"acf":[],"publishpress_future_workflow_manual_trigger":{"enabledWorkflows":[]},"_links":{"self":[{"href":"https:\/\/www.lemanexpress.com\/de\/wp-json\/wp\/v2\/lex_activity\/609384","targetHints":{"allow":["GET"]}}],"collection":[{"href":"https:\/\/www.lemanexpress.com\/de\/wp-json\/wp\/v2\/lex_activity"}],"about":[{"href":"https:\/\/www.lemanexpress.com\/de\/wp-json\/wp\/v2\/types\/lex_activity"}],"version-history":[{"count":0,"href":"https:\/\/www.lemanexpress.com\/de\/wp-json\/wp\/v2\/lex_activity\/609384\/revisions"}],"wp:featuredmedia":[{"embeddable":true,"href":"https:\/\/www.lemanexpress.com\/de\/wp-json\/wp\/v2\/media\/609385"}],"wp:attachment":[{"href":"https:\/\/www.lemanexpress.com\/de\/wp-json\/wp\/v2\/media?parent=609384"}],"wp:term":[{"taxonomy":"lex_activity_apidae_category","embeddable":true,"href":"https:\/\/www.lemanexpress.com\/de\/wp-json\/wp\/v2\/lex_activity_apidae_category?post=609384"},{"taxonomy":"lex_activity_category","embeddable":true,"href":"https:\/\/www.lemanexpress.com\/de\/wp-json\/wp\/v2\/lex_activity_category?post=609384"},{"taxonomy":"lex_activity_tag","embeddable":true,"href":"https:\/\/www.lemanexpress.com\/de\/wp-json\/wp\/v2\/lex_activity_tag?post=609384"}],"curies":[{"name":"wp","href":"https:\/\/api.w.org\/{rel}","templated":true}]}}

Carnets d&#8217;Alpage : 5ème rencontres du croquis en montagne

<p>Du samedi 25 au jeudi 30 juillet, c&#8217;est au Grand-Bornand que se retrouveront les professionnels et amateurs du croquis et du dessin sur le vif, pour une session spéciale &#8222;Montagne&#8220;.</p>
<p>Vous souhaitez perfectionner votre technique ou tout simplement apprendre les bases du croquis et du dessin sur le vif, au coeur des magnifiques paysages et des pentes douces du Grand-Bornand ? </p>
<p>Alors, c&#8217;est ici que ça se passe !</p>
<p>Au programme, 6 jours d&#8217;ateliers encadrés, pour adultes, enfants et familles, de sketchcrawl &#8222;On dessine tous ensemble&#8220;, d&#8217;expositions et d’échanges autour du croquis en montagne.</p>
<p>Cette année, aux côtés des 3 spécialistes français de la discipline et organisateurs de l&#8217;événement :<br />
&#8211; Pierre AMOUDRY &#8211; pierreamoudry.com<br />
&#8211; Vincent DESPLANCHES &#8211; instagram.com/vincentdesplanche<br />
&#8211; Luc PERILLAT &#8211; lucperillat.fr</p>
<p>plusieurs artistes internationaux sont invités à venir présenter leurs techniques et savoir-faire en la matière :<br />
&#8211; Maru GODAS (Espagne) &#8211; marugodas.com<br />
&#8211; Theres RÜSTCHI (Suisse) &#8211; instagram.com/papermoon_32<br />
&#8211; Laurent WILLENEGGER (Suisse) &#8211; laurentwillenegger.ch</p>
<p>Programme complet, réservation et billetterie à venir sur carnetsdalpage.fr/carnets-dalpage-2026-programme</p>
<p>Un événement organisé en partenariat avec la Commune du Grand-Bornand, Le Grand-Bornand Tourisme et le Domaine skiable.</p>

<p>Carnets d&#8217;Alpage, rencontres du croquis en montagne, est de retour au Grand-Bornand pour une 5ème édition concoctée par le trio d’artistes-croqueurs Pierre Amoudry, Vincent Desplanche et Luc Perillat.</p>
