{"id":609313,"date":"2026-04-24T01:32:15","date_gmt":"2026-04-23T23:32:15","guid":{"rendered":"https:\/\/www.lemanexpress.com\/events\/edkub-eddu-daiz-les-eclectiks\/"},"modified":"2026-04-30T01:31:18","modified_gmt":"2026-04-29T23:31:18","slug":"edkub-eddu-daiz-les-eclectiks","status":"publish","type":"lex_activity","link":"https:\/\/www.lemanexpress.com\/de\/events\/edkub-eddu-daiz-les-eclectiks\/","title":{"rendered":"Edkub &amp; Eddu Dai&#8217;z &#8211; Les Eclectik&#8217;s"},"content":{"rendered":"<p>A partir de 19h30 &#8211;  Edkub :<br \/>\nEDKUB, cr\u00e9\u00e9 en 2018 par le compositeur, producteur et bassiste suisse Fred Sumi, construit un pont entre la musique cubaine et la musique \u00e9lectronique, avec un esprit jazz. C\u2019est le fruit d\u2018une<br \/>\namiti\u00e9 et d\u2018une collaboration avec de c\u00e9l\u00e8bres musiciens cubains lors de plusieurs sessions d\u2018enregistrement \u00e0 La Havane. EDKUB est n\u00e9 de son amour pour les grooves cubains, qu\u2018il m\u00e9lange \u00e0 des sons \u00e9lectroniques chauds. Ensemble, ils cr\u00e9ent une fusion unique offrant une exp\u00e9rience musicale captivante.<\/p>\n<p>A partir de 21h30 &#8211; Eddu Dai&#8217;z :<br \/>\nArtiste d\u2019origine cubaine, Eddu Dai\u2019z fusionne rythmes carib\u00e9ens et sonorit\u00e9s urbaines actuelles dans un univers aussi festif qu\u2019\u00e9motionnel. N\u00e9 \u00e0 La Havane, il puise dans ses racines une \u00e9nergie solaire qu\u2019il partage sur sc\u00e8ne \u00e0 travers un m\u00e9lange vibrant de reggaet\u00f3n, pop latino, timba, et dembow. Auteur-compositeur-interpr\u00e8te, il s\u00e9duit par des m\u00e9lodies accrocheuses et des textes sinc\u00e8res. Il sera entour\u00e9 de musiciens d\u2019exception, dont certains ont jou\u00e9 dans de grandes formations cubaines. Ensemble, ils promettent un concert vibrant, entre \u00e9nergie, danse et partage, \u00e0 ne pas manquer.<\/p>\n","protected":false},"excerpt":{"rendered":"<p>Venez vibrer au rythme de la musique de Edkub (afro-latino) suivi du groupe Eddu Dai&#8217;z (urban latino).<\/p>\n","protected":false},"featured_media":609314,"menu_order":0,"template":"","lex_activity_apidae_category":[78],"lex_activity_category":[],"lex_activity_tag":[],"class_list":["post-609313","lex_activity","type-lex_activity","status-publish","has-post-thumbnail","hentry"],"acf":[],"publishpress_future_workflow_manual_trigger":{"enabledWorkflows":[]},"_links":{"self":[{"href":"https:\/\/www.lemanexpress.com\/de\/wp-json\/wp\/v2\/lex_activity\/609313","targetHints":{"allow":["GET"]}}],"collection":[{"href":"https:\/\/www.lemanexpress.com\/de\/wp-json\/wp\/v2\/lex_activity"}],"about":[{"href":"https:\/\/www.lemanexpress.com\/de\/wp-json\/wp\/v2\/types\/lex_activity"}],"version-history":[{"count":1,"href":"https:\/\/www.lemanexpress.com\/de\/wp-json\/wp\/v2\/lex_activity\/609313\/revisions"}],"predecessor-version":[{"id":609477,"href":"https:\/\/www.lemanexpress.com\/de\/wp-json\/wp\/v2\/lex_activity\/609313\/revisions\/609477"}],"wp:featuredmedia":[{"embeddable":true,"href":"https:\/\/www.lemanexpress.com\/de\/wp-json\/wp\/v2\/media\/609314"}],"wp:attachment":[{"href":"https:\/\/www.lemanexpress.com\/de\/wp-json\/wp\/v2\/media?parent=609313"}],"wp:term":[{"taxonomy":"lex_activity_apidae_category","embeddable":true,"href":"https:\/\/www.lemanexpress.com\/de\/wp-json\/wp\/v2\/lex_activity_apidae_category?post=609313"},{"taxonomy":"lex_activity_category","embeddable":true,"href":"https:\/\/www.lemanexpress.com\/de\/wp-json\/wp\/v2\/lex_activity_category?post=609313"},{"taxonomy":"lex_activity_tag","embeddable":true,"href":"https:\/\/www.lemanexpress.com\/de\/wp-json\/wp\/v2\/lex_activity_tag?post=609313"}],"curies":[{"name":"wp","href":"https:\/\/api.w.org\/{rel}","templated":true}]}}

<p>A partir de 19h30 &#8211;  Edkub :<br />
EDKUB, créé en 2018 par le compositeur, producteur et bassiste suisse Fred Sumi, construit un pont entre la musique cubaine et la musique électronique, avec un esprit jazz. C’est le fruit d‘une<br />
amitié et d‘une collaboration avec de célèbres musiciens cubains lors de plusieurs sessions d‘enregistrement à La Havane. EDKUB est né de son amour pour les grooves cubains, qu‘il mélange à des sons électroniques chauds. Ensemble, ils créent une fusion unique offrant une expérience musicale captivante.</p>
<p>A partir de 21h30 &#8211; Eddu Dai&#8217;z :<br />
Artiste d’origine cubaine, Eddu Dai’z fusionne rythmes caribéens et sonorités urbaines actuelles dans un univers aussi festif qu’émotionnel. Né à La Havane, il puise dans ses racines une énergie solaire qu’il partage sur scène à travers un mélange vibrant de reggaetón, pop latino, timba, et dembow. Auteur-compositeur-interprète, il séduit par des mélodies accrocheuses et des textes sincères. Il sera entouré de musiciens d’exception, dont certains ont joué dans de grandes formations cubaines. Ensemble, ils promettent un concert vibrant, entre énergie, danse et partage, à ne pas manquer.</p>
