{"id":608857,"date":"2026-04-21T01:30:48","date_gmt":"2026-04-20T23:30:48","guid":{"rendered":"https:\/\/www.lemanexpress.com\/events\/fete-du-pain\/"},"modified":"2026-04-21T01:30:48","modified_gmt":"2026-04-20T23:30:48","slug":"fete-du-pain","status":"publish","type":"lex_activity","link":"https:\/\/www.lemanexpress.com\/de\/events\/fete-du-pain\/","title":{"rendered":"F\u00eate du pain"},"content":{"rendered":"<p>Au programme :<br \/>\n&#8211; de 9h \u00e0 12h : balade des fours \u00e0 pain et atelier pour enfants sur inscription (5\u20ac)<br \/>\n&#8211; d\u00e8s 13h : Repas complet (brochettes de dinde marin\u00e9es, pommes grenailles, salade, dessert sur r\u00e9servation (20\u20ac) et animation musicale avec Philippe Jaccoud \u00e0 l&#8217;accord\u00e9on.<br \/>\nSnacks sur place<br \/>\nL\u2019atelier pour enfants se fera en 2 parties :<br \/>\n&#8211; Fabrication de la p\u00e2te le vendredi \u00e0 18h<br \/>\n&#8211; Cuisson le samedi \u00e0 10h dans diff\u00e9rents fours au choix.<\/p>\n<p>Infos et r\u00e9servation par mail.<\/p>\n","protected":false},"excerpt":{"rendered":"<p>L\u2019association des amis de la Frasse organise sa traditionnelle f\u00eate du pain.<\/p>\n","protected":false},"featured_media":608858,"menu_order":0,"template":"","lex_activity_apidae_category":[100],"lex_activity_category":[],"lex_activity_tag":[],"class_list":["post-608857","lex_activity","type-lex_activity","status-publish","has-post-thumbnail","hentry"],"acf":[],"publishpress_future_workflow_manual_trigger":{"enabledWorkflows":[]},"_links":{"self":[{"href":"https:\/\/www.lemanexpress.com\/de\/wp-json\/wp\/v2\/lex_activity\/608857","targetHints":{"allow":["GET"]}}],"collection":[{"href":"https:\/\/www.lemanexpress.com\/de\/wp-json\/wp\/v2\/lex_activity"}],"about":[{"href":"https:\/\/www.lemanexpress.com\/de\/wp-json\/wp\/v2\/types\/lex_activity"}],"version-history":[{"count":0,"href":"https:\/\/www.lemanexpress.com\/de\/wp-json\/wp\/v2\/lex_activity\/608857\/revisions"}],"wp:featuredmedia":[{"embeddable":true,"href":"https:\/\/www.lemanexpress.com\/de\/wp-json\/wp\/v2\/media\/608858"}],"wp:attachment":[{"href":"https:\/\/www.lemanexpress.com\/de\/wp-json\/wp\/v2\/media?parent=608857"}],"wp:term":[{"taxonomy":"lex_activity_apidae_category","embeddable":true,"href":"https:\/\/www.lemanexpress.com\/de\/wp-json\/wp\/v2\/lex_activity_apidae_category?post=608857"},{"taxonomy":"lex_activity_category","embeddable":true,"href":"https:\/\/www.lemanexpress.com\/de\/wp-json\/wp\/v2\/lex_activity_category?post=608857"},{"taxonomy":"lex_activity_tag","embeddable":true,"href":"https:\/\/www.lemanexpress.com\/de\/wp-json\/wp\/v2\/lex_activity_tag?post=608857"}],"curies":[{"name":"wp","href":"https:\/\/api.w.org\/{rel}","templated":true}]}}

Fête du pain

<p>Au programme :<br />
&#8211; de 9h à 12h : balade des fours à pain et atelier pour enfants sur inscription (5€)<br />
&#8211; dès 13h : Repas complet (brochettes de dinde marinées, pommes grenailles, salade, dessert sur réservation (20€) et animation musicale avec Philippe Jaccoud à l&#8217;accordéon.<br />
Snacks sur place<br />
L’atelier pour enfants se fera en 2 parties :<br />
&#8211; Fabrication de la pâte le vendredi à 18h<br />
&#8211; Cuisson le samedi à 10h dans différents fours au choix.</p>
<p>Infos et réservation par mail.</p>

<p>L’association des amis de la Frasse organise sa traditionnelle fête du pain.</p>
