{"id":608812,"date":"2026-04-20T01:30:33","date_gmt":"2026-04-19T23:30:33","guid":{"rendered":"https:\/\/www.lemanexpress.com\/events\/conference-charlemagne-lart-et-leurope\/"},"modified":"2026-04-20T01:30:33","modified_gmt":"2026-04-19T23:30:33","slug":"conference-charlemagne-lart-et-leurope","status":"publish","type":"lex_activity","link":"https:\/\/www.lemanexpress.com\/de\/events\/conference-charlemagne-lart-et-leurope\/","title":{"rendered":"Conf\u00e9rence : Charlemagne, l&#8217;Art et l&#8217;Europe"},"content":{"rendered":"<p>Conf\u00e9rence anim\u00e9e par Jean-Paul Deremble, professeur d\u2019histoire de l\u2019art \u00e0 l\u2019universit\u00e9 de Lille et vice-pr\u00e9sident du Centre International du Vitrail de Chartres.<\/p>\n","protected":false},"excerpt":{"rendered":"<p>Charlemagne est le premier \u00e0 penser une Europe sur un mod\u00e8le imp\u00e9rial. La cr\u00e9ation artistique est au c\u0153ur de ce projet carolingien. Essentiellement r\u00e9alis\u00e9 par l&#8217;\u00c9glise, cet art accompagne les ambitions imp\u00e9riales.<\/p>\n","protected":false},"featured_media":608813,"menu_order":0,"template":"","lex_activity_apidae_category":[90],"lex_activity_category":[],"lex_activity_tag":[],"class_list":["post-608812","lex_activity","type-lex_activity","status-publish","has-post-thumbnail","hentry"],"acf":[],"publishpress_future_workflow_manual_trigger":{"enabledWorkflows":[]},"_links":{"self":[{"href":"https:\/\/www.lemanexpress.com\/de\/wp-json\/wp\/v2\/lex_activity\/608812","targetHints":{"allow":["GET"]}}],"collection":[{"href":"https:\/\/www.lemanexpress.com\/de\/wp-json\/wp\/v2\/lex_activity"}],"about":[{"href":"https:\/\/www.lemanexpress.com\/de\/wp-json\/wp\/v2\/types\/lex_activity"}],"version-history":[{"count":0,"href":"https:\/\/www.lemanexpress.com\/de\/wp-json\/wp\/v2\/lex_activity\/608812\/revisions"}],"wp:featuredmedia":[{"embeddable":true,"href":"https:\/\/www.lemanexpress.com\/de\/wp-json\/wp\/v2\/media\/608813"}],"wp:attachment":[{"href":"https:\/\/www.lemanexpress.com\/de\/wp-json\/wp\/v2\/media?parent=608812"}],"wp:term":[{"taxonomy":"lex_activity_apidae_category","embeddable":true,"href":"https:\/\/www.lemanexpress.com\/de\/wp-json\/wp\/v2\/lex_activity_apidae_category?post=608812"},{"taxonomy":"lex_activity_category","embeddable":true,"href":"https:\/\/www.lemanexpress.com\/de\/wp-json\/wp\/v2\/lex_activity_category?post=608812"},{"taxonomy":"lex_activity_tag","embeddable":true,"href":"https:\/\/www.lemanexpress.com\/de\/wp-json\/wp\/v2\/lex_activity_tag?post=608812"}],"curies":[{"name":"wp","href":"https:\/\/api.w.org\/{rel}","templated":true}]}}

Conférence : Charlemagne, l&#8217;Art et l&#8217;Europe

<p>Conférence animée par Jean-Paul Deremble, professeur d’histoire de l’art à l’université de Lille et vice-président du Centre International du Vitrail de Chartres.</p>

<p>Charlemagne est le premier à penser une Europe sur un modèle impérial. La création artistique est au cœur de ce projet carolingien. Essentiellement réalisé par l&#8217;Église, cet art accompagne les ambitions impériales.</p>
