{"id":608696,"date":"2026-04-18T01:31:13","date_gmt":"2026-04-17T23:31:13","guid":{"rendered":"https:\/\/www.lemanexpress.com\/events\/conference-organisee-par-lassociation-les-amis-du-vieux-chamonix-3\/"},"modified":"2026-04-18T01:31:13","modified_gmt":"2026-04-17T23:31:13","slug":"conference-organisee-par-lassociation-les-amis-du-vieux-chamonix-3","status":"publish","type":"lex_activity","link":"https:\/\/www.lemanexpress.com\/de\/events\/conference-organisee-par-lassociation-les-amis-du-vieux-chamonix-3\/","title":{"rendered":"Conf\u00e9rence organis\u00e9e par l&#8217;Association les Amis du Vieux Chamonix"},"content":{"rendered":"<p>Le Ch\u0153ur Valaisan des Patoisants regroupe quelque 25 choristes issus de tout le Valais. R\u00e9unis dans l\u2019optique de chanter dans toutes les vari\u00e9t\u00e9s de patois de notre canton, et des r\u00e9gions voisines (Val d\u2019Aoste, Haute-Savoie\u2026), les musiciens travaillent tous les 15 jours avec en ligne de mire un concert annuel qui se tient g\u00e9n\u00e9ralement au printemps.<\/p>\n<p>Cr\u00e9\u00e9e le 12 juin 2014 sur l\u2019initiative de Bernard Bornet, alors pr\u00e9sident de la Fondation du patois, la chorale se veut l\u2019ambassadrice des patois du Valais hors canton et \u00e0 l\u2019\u00e9tranger ; et son r\u00e9pertoire est principalement constitu\u00e9 de pi\u00e8ces de la tradition populaire et folklorique.<\/p>\n<p>Depuis le printemps 2018, le ch\u0153ur est dirig\u00e9 par Marie Favre, talentueuse musicologue et directrice de ch\u0153urs.<\/p>\n","protected":false},"excerpt":{"rendered":"<p>Le Choeur Valaisan des Patoisants chante en patois valaisans, valdotains et savoyards.<\/p>\n","protected":false},"featured_media":608697,"menu_order":0,"template":"","lex_activity_apidae_category":[78],"lex_activity_category":[],"lex_activity_tag":[],"class_list":["post-608696","lex_activity","type-lex_activity","status-publish","has-post-thumbnail","hentry"],"acf":[],"publishpress_future_workflow_manual_trigger":{"enabledWorkflows":[]},"_links":{"self":[{"href":"https:\/\/www.lemanexpress.com\/de\/wp-json\/wp\/v2\/lex_activity\/608696","targetHints":{"allow":["GET"]}}],"collection":[{"href":"https:\/\/www.lemanexpress.com\/de\/wp-json\/wp\/v2\/lex_activity"}],"about":[{"href":"https:\/\/www.lemanexpress.com\/de\/wp-json\/wp\/v2\/types\/lex_activity"}],"version-history":[{"count":0,"href":"https:\/\/www.lemanexpress.com\/de\/wp-json\/wp\/v2\/lex_activity\/608696\/revisions"}],"wp:featuredmedia":[{"embeddable":true,"href":"https:\/\/www.lemanexpress.com\/de\/wp-json\/wp\/v2\/media\/608697"}],"wp:attachment":[{"href":"https:\/\/www.lemanexpress.com\/de\/wp-json\/wp\/v2\/media?parent=608696"}],"wp:term":[{"taxonomy":"lex_activity_apidae_category","embeddable":true,"href":"https:\/\/www.lemanexpress.com\/de\/wp-json\/wp\/v2\/lex_activity_apidae_category?post=608696"},{"taxonomy":"lex_activity_category","embeddable":true,"href":"https:\/\/www.lemanexpress.com\/de\/wp-json\/wp\/v2\/lex_activity_category?post=608696"},{"taxonomy":"lex_activity_tag","embeddable":true,"href":"https:\/\/www.lemanexpress.com\/de\/wp-json\/wp\/v2\/lex_activity_tag?post=608696"}],"curies":[{"name":"wp","href":"https:\/\/api.w.org\/{rel}","templated":true}]}}

Conférence organisée par l&#8217;Association les Amis du Vieux Chamonix

<p>Le Chœur Valaisan des Patoisants regroupe quelque 25 choristes issus de tout le Valais. Réunis dans l’optique de chanter dans toutes les variétés de patois de notre canton, et des régions voisines (Val d’Aoste, Haute-Savoie…), les musiciens travaillent tous les 15 jours avec en ligne de mire un concert annuel qui se tient généralement au printemps.</p>
<p>Créée le 12 juin 2014 sur l’initiative de Bernard Bornet, alors président de la Fondation du patois, la chorale se veut l’ambassadrice des patois du Valais hors canton et à l’étranger ; et son répertoire est principalement constitué de pièces de la tradition populaire et folklorique.</p>
<p>Depuis le printemps 2018, le chœur est dirigé par Marie Favre, talentueuse musicologue et directrice de chœurs.</p>
