{"id":608602,"date":"2026-04-17T01:31:10","date_gmt":"2026-04-16T23:31:10","guid":{"rendered":"https:\/\/www.lemanexpress.com\/events\/conference-sur-les-fouilles-archeologiques-dans-le-vallon-de-villy-resultats-des-campagnes-2024-et-2025-et-perspectives-de-recherches-pour-2026\/"},"modified":"2026-04-21T01:31:00","modified_gmt":"2026-04-20T23:31:00","slug":"conference-sur-les-fouilles-archeologiques-dans-le-vallon-de-villy-resultats-des-campagnes-2024-et-2025-et-perspectives-de-recherches-pour-2026","status":"publish","type":"lex_activity","link":"https:\/\/www.lemanexpress.com\/de\/events\/conference-sur-les-fouilles-archeologiques-dans-le-vallon-de-villy-resultats-des-campagnes-2024-et-2025-et-perspectives-de-recherches-pour-2026\/","title":{"rendered":"Conf\u00e9rence sur les fouilles arch\u00e9ologiques dans le vallon de Villy"},"content":{"rendered":"<p>Dans le cadre du projet europ\u00e9en DAHU (2023-2026), le Service Arch\u00e9ologie et Patrimoine B\u00e2ti du D\u00e9partement de la Haute-Savoie pr\u00e9sente les premiers r\u00e9sultats des campagnes de recherche arch\u00e9ologique men\u00e9es en 2024 et 2025 dans le vallon de Villy.<\/p>\n<p>Les recherches men\u00e9es dans le vallon de Villy (Passy\/Chamonix mont-Blanc) par le Service Arch\u00e9ologie et Patrimoine B\u00e2ti dans le cadre du projet de coop\u00e9ration Interreg France-Italie Alcotra intitul\u00e9 &#8222;DAHU &#8211; D\u00e9veloppement et Adaptation des occupations HUmaines en montagne&#8220;, visent \u00e0 renseigner la mani\u00e8re dans l&#8217;Humain a su\/pu adapter ses modes d&#8217;occupations et d&#8217;adaptations en milieu montagnard. Cette d\u00e9marche de recherche associe \u00e9galement d&#8217;autres travaux dans les champs des \u00e9tudes pal\u00e9oenvironnementales, de l&#8217;inventaire du patrimoine et de l&#8217;histoire de l&#8217;art.<br \/>\nLe hameau d&#8217;Ecuelle (Passy) a constitu\u00e9 le principal lieu d&#8217;\u00e9tude 2024, zone de recherche qui s&#8217;est \u00e9tendue sur le secteur du hameau de Balme (Chamonix Mont-Blanc) en 2025.<br \/>\nLes objectifs de 2026 s&#8217;inscrivent dans la continuit\u00e9 des pr\u00e9c\u00e9dentes fouilles : renseigner l&#8217;\u00e9volution de l&#8217;organisation de ces hameaux et des constructions qu&#8217;ils concentrent.<\/p>\n<p>Conf\u00e9rence assur\u00e9e par Christophe Guffond.<\/p>\n","protected":false},"excerpt":{"rendered":"<p>La conf\u00e9rence pr\u00e9sentera les r\u00e9sultats des campagnes 2024 et 2025 et les perspectives de recherches pour 2026.<\/p>\n","protected":false},"featured_media":608603,"menu_order":0,"template":"","lex_activity_apidae_category":[90],"lex_activity_category":[],"lex_activity_tag":[],"class_list":["post-608602","lex_activity","type-lex_activity","status-publish","has-post-thumbnail","hentry"],"acf":[],"publishpress_future_workflow_manual_trigger":{"enabledWorkflows":[]},"_links":{"self":[{"href":"https:\/\/www.lemanexpress.com\/de\/wp-json\/wp\/v2\/lex_activity\/608602","targetHints":{"allow":["GET"]}}],"collection":[{"href":"https:\/\/www.lemanexpress.com\/de\/wp-json\/wp\/v2\/lex_activity"}],"about":[{"href":"https:\/\/www.lemanexpress.com\/de\/wp-json\/wp\/v2\/types\/lex_activity"}],"version-history":[{"count":1,"href":"https:\/\/www.lemanexpress.com\/de\/wp-json\/wp\/v2\/lex_activity\/608602\/revisions"}],"predecessor-version":[{"id":608866,"href":"https:\/\/www.lemanexpress.com\/de\/wp-json\/wp\/v2\/lex_activity\/608602\/revisions\/608866"}],"wp:featuredmedia":[{"embeddable":true,"href":"https:\/\/www.lemanexpress.com\/de\/wp-json\/wp\/v2\/media\/608603"}],"wp:attachment":[{"href":"https:\/\/www.lemanexpress.com\/de\/wp-json\/wp\/v2\/media?parent=608602"}],"wp:term":[{"taxonomy":"lex_activity_apidae_category","embeddable":true,"href":"https:\/\/www.lemanexpress.com\/de\/wp-json\/wp\/v2\/lex_activity_apidae_category?post=608602"},{"taxonomy":"lex_activity_category","embeddable":true,"href":"https:\/\/www.lemanexpress.com\/de\/wp-json\/wp\/v2\/lex_activity_category?post=608602"},{"taxonomy":"lex_activity_tag","embeddable":true,"href":"https:\/\/www.lemanexpress.com\/de\/wp-json\/wp\/v2\/lex_activity_tag?post=608602"}],"curies":[{"name":"wp","href":"https:\/\/api.w.org\/{rel}","templated":true}]}}

Conférence sur les fouilles archéologiques dans le vallon de Villy

<p>Dans le cadre du projet européen DAHU (2023-2026), le Service Archéologie et Patrimoine Bâti du Département de la Haute-Savoie présente les premiers résultats des campagnes de recherche archéologique menées en 2024 et 2025 dans le vallon de Villy.</p>
<p>Les recherches menées dans le vallon de Villy (Passy/Chamonix mont-Blanc) par le Service Archéologie et Patrimoine Bâti dans le cadre du projet de coopération Interreg France-Italie Alcotra intitulé &#8222;DAHU &#8211; Développement et Adaptation des occupations HUmaines en montagne&#8220;, visent à renseigner la manière dans l&#8217;Humain a su/pu adapter ses modes d&#8217;occupations et d&#8217;adaptations en milieu montagnard. Cette démarche de recherche associe également d&#8217;autres travaux dans les champs des études paléoenvironnementales, de l&#8217;inventaire du patrimoine et de l&#8217;histoire de l&#8217;art.<br />
Le hameau d&#8217;Ecuelle (Passy) a constitué le principal lieu d&#8217;étude 2024, zone de recherche qui s&#8217;est étendue sur le secteur du hameau de Balme (Chamonix Mont-Blanc) en 2025.<br />
Les objectifs de 2026 s&#8217;inscrivent dans la continuité des précédentes fouilles : renseigner l&#8217;évolution de l&#8217;organisation de ces hameaux et des constructions qu&#8217;ils concentrent.</p>
<p>Conférence assurée par Christophe Guffond.</p>

<p>La conférence présentera les résultats des campagnes 2024 et 2025 et les perspectives de recherches pour 2026.</p>
