{"id":608294,"date":"2026-04-14T01:31:28","date_gmt":"2026-04-13T23:31:28","guid":{"rendered":"https:\/\/www.lemanexpress.com\/events\/montee-cycliste-lane\/"},"modified":"2026-04-14T01:31:28","modified_gmt":"2026-04-13T23:31:28","slug":"montee-cycliste-lane","status":"publish","type":"lex_activity","link":"https:\/\/www.lemanexpress.com\/de\/events\/montee-cycliste-lane\/","title":{"rendered":"Mont\u00e9e cycliste &#8222;L&#8217;\u00e2ne&#8220;"},"content":{"rendered":"<p>Course ouverte \u00e0 tous d\u00e8s 15 ans (autorisation parentale obligatoire pour les mineurs).<br \/>\nCertificat m\u00e9dical de non contre-indication \u00e0 la pratique du cyclisme en comp\u00e9tition ou Licence FFC en cours de validit\u00e9 obligatoire.<\/p>\n<p>\u00c0 l\u2019arriv\u00e9e au sommet :<br \/>\nRavitaillement gourmand avec les traditionnels beignets de pomme de terre pr\u00e9par\u00e9s avec des produits locaux.<\/p>\n","protected":false},"excerpt":{"rendered":"<p>Envie de vous mesurer \u00e0 une mont\u00e9e mythique ? Relevez le d\u00e9fi de la mont\u00e9e du Col des Annes :<br \/>\n11,7 km d\u2019ascension avec 790 m de d\u00e9nivel\u00e9 positif au c\u0153ur des paysages grandioses des Aravis !<br \/>\nLa remise des prix aura lieu \u00e0 11h30.<\/p>\n","protected":false},"featured_media":608295,"menu_order":0,"template":"","lex_activity_apidae_category":[108],"lex_activity_category":[],"lex_activity_tag":[],"class_list":["post-608294","lex_activity","type-lex_activity","status-publish","has-post-thumbnail","hentry"],"acf":[],"publishpress_future_workflow_manual_trigger":{"enabledWorkflows":[]},"_links":{"self":[{"href":"https:\/\/www.lemanexpress.com\/de\/wp-json\/wp\/v2\/lex_activity\/608294","targetHints":{"allow":["GET"]}}],"collection":[{"href":"https:\/\/www.lemanexpress.com\/de\/wp-json\/wp\/v2\/lex_activity"}],"about":[{"href":"https:\/\/www.lemanexpress.com\/de\/wp-json\/wp\/v2\/types\/lex_activity"}],"version-history":[{"count":0,"href":"https:\/\/www.lemanexpress.com\/de\/wp-json\/wp\/v2\/lex_activity\/608294\/revisions"}],"wp:featuredmedia":[{"embeddable":true,"href":"https:\/\/www.lemanexpress.com\/de\/wp-json\/wp\/v2\/media\/608295"}],"wp:attachment":[{"href":"https:\/\/www.lemanexpress.com\/de\/wp-json\/wp\/v2\/media?parent=608294"}],"wp:term":[{"taxonomy":"lex_activity_apidae_category","embeddable":true,"href":"https:\/\/www.lemanexpress.com\/de\/wp-json\/wp\/v2\/lex_activity_apidae_category?post=608294"},{"taxonomy":"lex_activity_category","embeddable":true,"href":"https:\/\/www.lemanexpress.com\/de\/wp-json\/wp\/v2\/lex_activity_category?post=608294"},{"taxonomy":"lex_activity_tag","embeddable":true,"href":"https:\/\/www.lemanexpress.com\/de\/wp-json\/wp\/v2\/lex_activity_tag?post=608294"}],"curies":[{"name":"wp","href":"https:\/\/api.w.org\/{rel}","templated":true}]}}

Montée cycliste &#8222;L&#8217;âne&#8220;

<p>Course ouverte à tous dès 15 ans (autorisation parentale obligatoire pour les mineurs).<br />
Certificat médical de non contre-indication à la pratique du cyclisme en compétition ou Licence FFC en cours de validité obligatoire.</p>
<p>À l’arrivée au sommet :<br />
Ravitaillement gourmand avec les traditionnels beignets de pomme de terre préparés avec des produits locaux.</p>

<p>Envie de vous mesurer à une montée mythique ? Relevez le défi de la montée du Col des Annes :<br />
11,7 km d’ascension avec 790 m de dénivelé positif au cœur des paysages grandioses des Aravis !<br />
La remise des prix aura lieu à 11h30.</p>
