{"id":608280,"date":"2026-04-14T01:31:16","date_gmt":"2026-04-13T23:31:16","guid":{"rendered":"https:\/\/www.lemanexpress.com\/events\/rencontre-litteraire-avec-philippe-fusaro-pour-solo-tu-editions-sabine-wespieser\/"},"modified":"2026-04-14T01:31:16","modified_gmt":"2026-04-13T23:31:16","slug":"rencontre-litteraire-avec-philippe-fusaro-pour-solo-tu-editions-sabine-wespieser","status":"publish","type":"lex_activity","link":"https:\/\/www.lemanexpress.com\/de\/events\/rencontre-litteraire-avec-philippe-fusaro-pour-solo-tu-editions-sabine-wespieser\/","title":{"rendered":"Rencontre litt\u00e9raire avec Philippe Fusaro pour \u00abSolo tu\u00bb \u00c9ditions Sabine Wespieser"},"content":{"rendered":"<p>Rome, d\u00e9but des ann\u00e9es 1980. Le mythique Piper Club, haut lieu de la pop et de l\u2019italo- disco, n\u2019est plus ce qu\u2019il \u00e9tait. Gianni, dandy fatigu\u00e9 devenu un \u00e9l\u00e9ment du d\u00e9cor, aurait bien besoin de changer d\u2019air. Mais il ne se doute pas \u00e0 quel point sa rencontre improbable ce soir-l\u00e0 avec la compagne du bassiste punk va infl\u00e9chir son existence : la flamboyante Carmela n\u2019a pas h\u00e9sit\u00e9, le temps du concert, \u00e0 lui confier son petit gar\u00e7on. Et quand, le lendemain, elle l\u2019invite \u00e0 passer quelques jours avec eux dans les Pouilles, il ne refuse pas.<\/p>\n<p>Quand il retrouve des comparses \u00e0 Polignano, un vent mauvais ne va pas tarder \u00e0 se lever, et il faudra bien la force de leurs liens pour l\u2019affronter. Avec une extr\u00eame d\u00e9licatesse, Philippe Fusaro nous entra\u00eene alors vers un d\u00e9nouement aussi poignant qu\u2019inattendu, qui nous laisse sur la cr\u00eate de l\u2019\u00e9motion, au diapason de ce lieu \u00e2pre et lumineux qu\u2019on r\u00eave de ne jamais quitter.<\/p>\n<p>N\u00e9e en 1971 \u00e0 Forbach, Philippe Fusaro est d\u2019origine italienne. Apr\u00e8s avoir \u00e9t\u00e9 libraire \u00e0 Strasbourg et \u00e0 Lyon il a cr\u00e9\u00e9 sa propre librairie \u00e0 Valence, L\u2019Oiseau siffleur. Il a publi\u00e9 plusieurs romans aux \u00e9ditions La fosse aux ours, parmi lesquels Le Colosse d\u2019argile (2004), Palermo solo (2007) ou Nous \u00e9tions beaux la nuit (2018), avant de rejoindre le catalogue de Sabine Wespieser avec Solo tu (mars 2026).<\/p>\n<p>Possibilit\u00e9 de diner apr\u00e8s la rencontre &#8211; Menu Italien 18,90 \u20ac &#8211; Lasagnes de L\u00e9gumes\u2013 Tiramisu<\/p>\n","protected":false},"excerpt":{"rendered":"<p>Alors Raconte re\u00e7oit Philippe Fusaro.<\/p>\n","protected":false},"featured_media":608281,"menu_order":0,"template":"","lex_activity_apidae_category":[90],"lex_activity_category":[],"lex_activity_tag":[],"class_list":["post-608280","lex_activity","type-lex_activity","status-publish","has-post-thumbnail","hentry"],"acf":[],"publishpress_future_workflow_manual_trigger":{"enabledWorkflows":[]},"_links":{"self":[{"href":"https:\/\/www.lemanexpress.com\/de\/wp-json\/wp\/v2\/lex_activity\/608280","targetHints":{"allow":["GET"]}}],"collection":[{"href":"https:\/\/www.lemanexpress.com\/de\/wp-json\/wp\/v2\/lex_activity"}],"about":[{"href":"https:\/\/www.lemanexpress.com\/de\/wp-json\/wp\/v2\/types\/lex_activity"}],"version-history":[{"count":0,"href":"https:\/\/www.lemanexpress.com\/de\/wp-json\/wp\/v2\/lex_activity\/608280\/revisions"}],"wp:featuredmedia":[{"embeddable":true,"href":"https:\/\/www.lemanexpress.com\/de\/wp-json\/wp\/v2\/media\/608281"}],"wp:attachment":[{"href":"https:\/\/www.lemanexpress.com\/de\/wp-json\/wp\/v2\/media?parent=608280"}],"wp:term":[{"taxonomy":"lex_activity_apidae_category","embeddable":true,"href":"https:\/\/www.lemanexpress.com\/de\/wp-json\/wp\/v2\/lex_activity_apidae_category?post=608280"},{"taxonomy":"lex_activity_category","embeddable":true,"href":"https:\/\/www.lemanexpress.com\/de\/wp-json\/wp\/v2\/lex_activity_category?post=608280"},{"taxonomy":"lex_activity_tag","embeddable":true,"href":"https:\/\/www.lemanexpress.com\/de\/wp-json\/wp\/v2\/lex_activity_tag?post=608280"}],"curies":[{"name":"wp","href":"https:\/\/api.w.org\/{rel}","templated":true}]}}

Rencontre littéraire avec Philippe Fusaro pour «Solo tu» Éditions Sabine Wespieser

<p>Rome, début des années 1980. Le mythique Piper Club, haut lieu de la pop et de l’italo- disco, n’est plus ce qu’il était. Gianni, dandy fatigué devenu un élément du décor, aurait bien besoin de changer d’air. Mais il ne se doute pas à quel point sa rencontre improbable ce soir-là avec la compagne du bassiste punk va infléchir son existence : la flamboyante Carmela n’a pas hésité, le temps du concert, à lui confier son petit garçon. Et quand, le lendemain, elle l’invite à passer quelques jours avec eux dans les Pouilles, il ne refuse pas.</p>
<p>Quand il retrouve des comparses à Polignano, un vent mauvais ne va pas tarder à se lever, et il faudra bien la force de leurs liens pour l’affronter. Avec une extrême délicatesse, Philippe Fusaro nous entraîne alors vers un dénouement aussi poignant qu’inattendu, qui nous laisse sur la crête de l’émotion, au diapason de ce lieu âpre et lumineux qu’on rêve de ne jamais quitter.</p>
<p>Née en 1971 à Forbach, Philippe Fusaro est d’origine italienne. Après avoir été libraire à Strasbourg et à Lyon il a créé sa propre librairie à Valence, L’Oiseau siffleur. Il a publié plusieurs romans aux éditions La fosse aux ours, parmi lesquels Le Colosse d’argile (2004), Palermo solo (2007) ou Nous étions beaux la nuit (2018), avant de rejoindre le catalogue de Sabine Wespieser avec Solo tu (mars 2026).</p>
<p>Possibilité de diner après la rencontre &#8211; Menu Italien 18,90 € &#8211; Lasagnes de Légumes– Tiramisu</p>

<p>Alors Raconte reçoit Philippe Fusaro.</p>
