{"id":608272,"date":"2026-04-14T01:31:06","date_gmt":"2026-04-13T23:31:06","guid":{"rendered":"https:\/\/www.lemanexpress.com\/events\/rencontre-litteraire-avec-ariane-gotlieb-pour-gotlib-oeuvre-complete-julien-sole-et-arnaud-le-gouefflec-pour-gotlib-une-vie-en-bandessinees\/"},"modified":"2026-04-14T01:31:06","modified_gmt":"2026-04-13T23:31:06","slug":"rencontre-litteraire-avec-ariane-gotlieb-pour-gotlib-oeuvre-complete-julien-sole-et-arnaud-le-gouefflec-pour-gotlib-une-vie-en-bandessinees","status":"publish","type":"lex_activity","link":"https:\/\/www.lemanexpress.com\/de\/events\/rencontre-litteraire-avec-ariane-gotlieb-pour-gotlib-oeuvre-complete-julien-sole-et-arnaud-le-gouefflec-pour-gotlib-une-vie-en-bandessinees\/","title":{"rendered":"Rencontre litt\u00e9raire avec Ariane Gotlieb pour &#8220; Gotlib, oeuvre compl\u00e8te &#8220; &#8211; Julien Sol\u00e9 et Arnaud Le Gou\u00ebfflec pour &#8220; Gotlib, une vie en bandessin\u00e9es &#8222;"},"content":{"rendered":"<p>\u00ab Gotlib, oeuvre compl\u00e8te \u2013 1967 \u00bb, une int\u00e9grale de son \u0153uvre, r\u00e9alis\u00e9e par Jean-Louis Gauthey avec l\u2019aide d\u2019Ariane Gotlieb, la fille du dessinateur. <\/p>\n<p>Avec ce volume inaugural consacr\u00e9 \u00e0 l\u2019ann\u00e9e 1967 et pr\u00e9sent\u00e9 dans un ordre chronologique, on retrouve les bandes dessin\u00e9es publi\u00e9es dans Vaillant (\u00ab Jujube et Gai Luron \u00bb), Pilote (\u00ab Les Dingodossiers \u00bb) et Gai-Luron poche, assorties de couvertures et de dessins de promotion. A noter que deux volumes de \u00ab Gotlib, oeuvre compl\u00e8te \u00bb seront publi\u00e9s chaque ann\u00e9e, sans que l\u2019ordre chronologique soit forc\u00e9ment respect\u00e9. Le tome 2 (1968-1969) para\u00eetra en avril 2026, le tome 3 (1969) en novembre 2026.<\/p>\n<p>\u00ab Gotlib, une vie en bandessin\u00e9es \u00bb, un biopic sign\u00e9 Julien Sol\u00e9 et Arnaud Le Gou\u00ebfflec. L\u2019ouvrage document\u00e9 propose de d\u00e9couvrir l\u2019homme derri\u00e8re l\u2019artiste, de raconter comment Marcel (Gotlieb) est devenu Gotlib.<br \/>\nAlors Raconte et a librairie BD FUGUE re\u00e7oivent Ariane GOTLIEB pour \u00ab Gotlib, oeuvre compl\u00e8te \u00bb &#8211; Julien Sol\u00e9 et Arnaud Le Gou\u00ebfflec pour \u00ab Gotlib, une vie en bandessin\u00e9es \u00bb<\/p>\n<p>Avec Cl\u00e9ment Argouarc\u2019h, r\u00e9dacteur en chef de Fluide Glacial pour les 50 ans du magazine<\/p>\n<p>Animation : Albert Algoud connu pour ses sketches dans plusieurs \u00e9missions de la cha\u00eene Canal+ et \u00e0 la radio. Grand tintinophile et ancien r\u00e9dacteur en chef de Fluide Glacial.<\/p>\n","protected":false},"excerpt":{"rendered":"<p>Pr\u00e8s de 10 ans apr\u00e8s la disparition de Gotlib le 4 d\u00e9cembre 2016, Dargaud et Fluide Glacial s\u2019associent pour lui rendre hommage \u00e0 travers deux ouvrages :<\/p>\n","protected":false},"featured_media":608273,"menu_order":0,"template":"","lex_activity_apidae_category":[90],"lex_activity_category":[],"lex_activity_tag":[],"class_list":["post-608272","lex_activity","type-lex_activity","status-publish","has-post-thumbnail","hentry"],"acf":[],"publishpress_future_workflow_manual_trigger":{"enabledWorkflows":[]},"_links":{"self":[{"href":"https:\/\/www.lemanexpress.com\/de\/wp-json\/wp\/v2\/lex_activity\/608272","targetHints":{"allow":["GET"]}}],"collection":[{"href":"https:\/\/www.lemanexpress.com\/de\/wp-json\/wp\/v2\/lex_activity"}],"about":[{"href":"https:\/\/www.lemanexpress.com\/de\/wp-json\/wp\/v2\/types\/lex_activity"}],"version-history":[{"count":0,"href":"https:\/\/www.lemanexpress.com\/de\/wp-json\/wp\/v2\/lex_activity\/608272\/revisions"}],"wp:featuredmedia":[{"embeddable":true,"href":"https:\/\/www.lemanexpress.com\/de\/wp-json\/wp\/v2\/media\/608273"}],"wp:attachment":[{"href":"https:\/\/www.lemanexpress.com\/de\/wp-json\/wp\/v2\/media?parent=608272"}],"wp:term":[{"taxonomy":"lex_activity_apidae_category","embeddable":true,"href":"https:\/\/www.lemanexpress.com\/de\/wp-json\/wp\/v2\/lex_activity_apidae_category?post=608272"},{"taxonomy":"lex_activity_category","embeddable":true,"href":"https:\/\/www.lemanexpress.com\/de\/wp-json\/wp\/v2\/lex_activity_category?post=608272"},{"taxonomy":"lex_activity_tag","embeddable":true,"href":"https:\/\/www.lemanexpress.com\/de\/wp-json\/wp\/v2\/lex_activity_tag?post=608272"}],"curies":[{"name":"wp","href":"https:\/\/api.w.org\/{rel}","templated":true}]}}

Rencontre littéraire avec Ariane Gotlieb pour &#8220; Gotlib, oeuvre complète &#8220; &#8211; Julien Solé et Arnaud Le Gouëfflec pour &#8220; Gotlib, une vie en bandessinées &#8222;

<p>« Gotlib, oeuvre complète – 1967 », une intégrale de son œuvre, réalisée par Jean-Louis Gauthey avec l’aide d’Ariane Gotlieb, la fille du dessinateur. </p>
<p>Avec ce volume inaugural consacré à l’année 1967 et présenté dans un ordre chronologique, on retrouve les bandes dessinées publiées dans Vaillant (« Jujube et Gai Luron »), Pilote (« Les Dingodossiers ») et Gai-Luron poche, assorties de couvertures et de dessins de promotion. A noter que deux volumes de « Gotlib, oeuvre complète » seront publiés chaque année, sans que l’ordre chronologique soit forcément respecté. Le tome 2 (1968-1969) paraîtra en avril 2026, le tome 3 (1969) en novembre 2026.</p>
<p>« Gotlib, une vie en bandessinées », un biopic signé Julien Solé et Arnaud Le Gouëfflec. L’ouvrage documenté propose de découvrir l’homme derrière l’artiste, de raconter comment Marcel (Gotlieb) est devenu Gotlib.<br />
Alors Raconte et a librairie BD FUGUE reçoivent Ariane GOTLIEB pour « Gotlib, oeuvre complète » &#8211; Julien Solé et Arnaud Le Gouëfflec pour « Gotlib, une vie en bandessinées »</p>
<p>Avec Clément Argouarc’h, rédacteur en chef de Fluide Glacial pour les 50 ans du magazine</p>
<p>Animation : Albert Algoud connu pour ses sketches dans plusieurs émissions de la chaîne Canal+ et à la radio. Grand tintinophile et ancien rédacteur en chef de Fluide Glacial.</p>

<p>Près de 10 ans après la disparition de Gotlib le 4 décembre 2016, Dargaud et Fluide Glacial s’associent pour lui rendre hommage à travers deux ouvrages :</p>
