{"id":608267,"date":"2026-04-14T01:30:58","date_gmt":"2026-04-13T23:30:58","guid":{"rendered":"https:\/\/www.lemanexpress.com\/events\/journee-de-nettoyage-2026-tous-engages-pour-une-montagne-zero-dechet-sauvage-en-2030\/"},"modified":"2026-04-14T01:30:58","modified_gmt":"2026-04-13T23:30:58","slug":"journee-de-nettoyage-2026-tous-engages-pour-une-montagne-zero-dechet-sauvage-en-2030","status":"publish","type":"lex_activity","link":"https:\/\/www.lemanexpress.com\/de\/events\/journee-de-nettoyage-2026-tous-engages-pour-une-montagne-zero-dechet-sauvage-en-2030\/","title":{"rendered":"Journ\u00e9e de nettoyage 2026 &#8211; Tous engag\u00e9s pour une montagne z\u00e9ro d\u00e9chet sauvage en 2030"},"content":{"rendered":"<p>Ensemble, nous pouvons faire une diff\u00e9rence significative dans la pr\u00e9servation de nos montagnes. Joignez-vous \u00e0 cette journ\u00e9e enrichissante de nettoyage, d&#8217;\u00e9ducation et de connexion avec la nature. Ensemble, travaillons vers notre objectif commun : une montagne z\u00e9ro d\u00e9chet sauvage d&#8217;ici 2030.<\/p>\n<p>Le Fayet\/ Saint-Gervais :<br \/>\n8h00 RDV devant le bureau de l\u2019\u00e9tat civil du Fayet.<\/p>\n<p>08h30-11h45 : Ramassage des d\u00e9chets<br \/>\nsur les sites localis\u00e9s.<br \/>\n11h45-12h30<br \/>\nRassemblement sur l\u2019Esplanade Marie Paradis pour la caract\u00e9risation des d\u00e9chets (tri, pes\u00e9e).<\/p>\n<p>Le Bettex\/ Saint-Nicolas-de-V\u00e9roce  <\/p>\n<p>8h30 : Le Bettex :RDV sur le parking du Bettex.<br \/>\nSaint-Nicolas de V\u00e9roce :RDV devant l\u2019ESF.<\/p>\n<p>9h00-11h00 : Ramassage des d\u00e9chets sur les sites localis\u00e9s.<br \/>\n11h45-12h30: Rassemblement sur l\u2019Esplanade Marie Paradis pour la caract\u00e9risation des d\u00e9chets (tri, pes\u00e9e).<\/p>\n<p>Pensez \u00e0 prendre un cabas et des gants !<\/p>\n","protected":false},"excerpt":{"rendered":"<p>Rejoignez-nous pour une journ\u00e9e d&#8217;action environnementale inspirante en partenariat avec Mountain Riders, une organisation d\u00e9vou\u00e9e \u00e0 la pr\u00e9servation des montagnes et \u00e0 la promotion d&#8217;un mode de vie durable.<\/p>\n","protected":false},"featured_media":608268,"menu_order":0,"template":"","lex_activity_apidae_category":[163],"lex_activity_category":[],"lex_activity_tag":[],"class_list":["post-608267","lex_activity","type-lex_activity","status-publish","has-post-thumbnail","hentry"],"acf":[],"publishpress_future_workflow_manual_trigger":{"enabledWorkflows":[]},"_links":{"self":[{"href":"https:\/\/www.lemanexpress.com\/de\/wp-json\/wp\/v2\/lex_activity\/608267","targetHints":{"allow":["GET"]}}],"collection":[{"href":"https:\/\/www.lemanexpress.com\/de\/wp-json\/wp\/v2\/lex_activity"}],"about":[{"href":"https:\/\/www.lemanexpress.com\/de\/wp-json\/wp\/v2\/types\/lex_activity"}],"version-history":[{"count":0,"href":"https:\/\/www.lemanexpress.com\/de\/wp-json\/wp\/v2\/lex_activity\/608267\/revisions"}],"wp:featuredmedia":[{"embeddable":true,"href":"https:\/\/www.lemanexpress.com\/de\/wp-json\/wp\/v2\/media\/608268"}],"wp:attachment":[{"href":"https:\/\/www.lemanexpress.com\/de\/wp-json\/wp\/v2\/media?parent=608267"}],"wp:term":[{"taxonomy":"lex_activity_apidae_category","embeddable":true,"href":"https:\/\/www.lemanexpress.com\/de\/wp-json\/wp\/v2\/lex_activity_apidae_category?post=608267"},{"taxonomy":"lex_activity_category","embeddable":true,"href":"https:\/\/www.lemanexpress.com\/de\/wp-json\/wp\/v2\/lex_activity_category?post=608267"},{"taxonomy":"lex_activity_tag","embeddable":true,"href":"https:\/\/www.lemanexpress.com\/de\/wp-json\/wp\/v2\/lex_activity_tag?post=608267"}],"curies":[{"name":"wp","href":"https:\/\/api.w.org\/{rel}","templated":true}]}}

Journée de nettoyage 2026 &#8211; Tous engagés pour une montagne zéro déchet sauvage en 2030

<p>Ensemble, nous pouvons faire une différence significative dans la préservation de nos montagnes. Joignez-vous à cette journée enrichissante de nettoyage, d&#8217;éducation et de connexion avec la nature. Ensemble, travaillons vers notre objectif commun : une montagne zéro déchet sauvage d&#8217;ici 2030.</p>
<p>Le Fayet/ Saint-Gervais :<br />
8h00 RDV devant le bureau de l’état civil du Fayet.</p>
<p>08h30-11h45 : Ramassage des déchets<br />
sur les sites localisés.<br />
11h45-12h30<br />
Rassemblement sur l’Esplanade Marie Paradis pour la caractérisation des déchets (tri, pesée).</p>
<p>Le Bettex/ Saint-Nicolas-de-Véroce  </p>
<p>8h30 : Le Bettex :RDV sur le parking du Bettex.<br />
Saint-Nicolas de Véroce :RDV devant l’ESF.</p>
<p>9h00-11h00 : Ramassage des déchets sur les sites localisés.<br />
11h45-12h30: Rassemblement sur l’Esplanade Marie Paradis pour la caractérisation des déchets (tri, pesée).</p>
<p>Pensez à prendre un cabas et des gants !</p>

<p>Rejoignez-nous pour une journée d&#8217;action environnementale inspirante en partenariat avec Mountain Riders, une organisation dévouée à la préservation des montagnes et à la promotion d&#8217;un mode de vie durable.</p>
