{"id":608221,"date":"2026-04-14T01:30:10","date_gmt":"2026-04-13T23:30:10","guid":{"rendered":"https:\/\/www.lemanexpress.com\/events\/guitare-en-scene-14-juillet\/"},"modified":"2026-04-30T01:30:13","modified_gmt":"2026-04-29T23:30:13","slug":"guitare-en-scene-14-juillet","status":"publish","type":"lex_activity","link":"https:\/\/www.lemanexpress.com\/de\/events\/guitare-en-scene-14-juillet\/","title":{"rendered":"Guitare en sc\u00e8ne &#8211; 14 juillet"},"content":{"rendered":"<p>Avec les artistes : Ben Harper &amp; The Innocent Criminals, Gregory Porter, Sarah Brown, Taj Farrant, Florian Desbaillet<\/p>\n","protected":false},"excerpt":{"rendered":"<p>Concerts du 14 juillet &#8211; ouverture des portes \u00e0 17h30 &#8211; dernier concert de 00:05 \u00e0 01:05, dernier d\u00e9part de la navette 30min apr\u00e8s la dernier concert.<\/p>\n","protected":false},"featured_media":608903,"menu_order":0,"template":"","lex_activity_apidae_category":[78,92],"lex_activity_category":[],"lex_activity_tag":[],"class_list":["post-608221","lex_activity","type-lex_activity","status-publish","has-post-thumbnail","hentry"],"acf":[],"publishpress_future_workflow_manual_trigger":{"enabledWorkflows":[]},"_links":{"self":[{"href":"https:\/\/www.lemanexpress.com\/de\/wp-json\/wp\/v2\/lex_activity\/608221","targetHints":{"allow":["GET"]}}],"collection":[{"href":"https:\/\/www.lemanexpress.com\/de\/wp-json\/wp\/v2\/lex_activity"}],"about":[{"href":"https:\/\/www.lemanexpress.com\/de\/wp-json\/wp\/v2\/types\/lex_activity"}],"version-history":[{"count":2,"href":"https:\/\/www.lemanexpress.com\/de\/wp-json\/wp\/v2\/lex_activity\/608221\/revisions"}],"predecessor-version":[{"id":608406,"href":"https:\/\/www.lemanexpress.com\/de\/wp-json\/wp\/v2\/lex_activity\/608221\/revisions\/608406"}],"wp:featuredmedia":[{"embeddable":true,"href":"https:\/\/www.lemanexpress.com\/de\/wp-json\/wp\/v2\/media\/608903"}],"wp:attachment":[{"href":"https:\/\/www.lemanexpress.com\/de\/wp-json\/wp\/v2\/media?parent=608221"}],"wp:term":[{"taxonomy":"lex_activity_apidae_category","embeddable":true,"href":"https:\/\/www.lemanexpress.com\/de\/wp-json\/wp\/v2\/lex_activity_apidae_category?post=608221"},{"taxonomy":"lex_activity_category","embeddable":true,"href":"https:\/\/www.lemanexpress.com\/de\/wp-json\/wp\/v2\/lex_activity_category?post=608221"},{"taxonomy":"lex_activity_tag","embeddable":true,"href":"https:\/\/www.lemanexpress.com\/de\/wp-json\/wp\/v2\/lex_activity_tag?post=608221"}],"curies":[{"name":"wp","href":"https:\/\/api.w.org\/{rel}","templated":true}]}}

Guitare en scène &#8211; 14 juillet

<p>Concerts du 14 juillet &#8211; ouverture des portes à 17h30 &#8211; dernier concert de 00:05 à 01:05, dernier départ de la navette 30min après la dernier concert.</p>
