{"id":608121,"date":"2026-04-11T01:31:49","date_gmt":"2026-04-10T23:31:49","guid":{"rendered":"https:\/\/www.lemanexpress.com\/events\/fete-nationale-de-cervens\/"},"modified":"2026-04-11T01:31:49","modified_gmt":"2026-04-10T23:31:49","slug":"fete-nationale-de-cervens","status":"publish","type":"lex_activity","link":"https:\/\/www.lemanexpress.com\/de\/events\/fete-nationale-de-cervens\/","title":{"rendered":"F\u00eate nationale de Cervens"},"content":{"rendered":"","protected":false},"excerpt":{"rendered":"<p>C\u00e9l\u00e9brez le 14 juillet \u00e0 Cervens : soir\u00e9e dansante, restauration, animations et feux d&#8217;artifice ! D\u00e9couvrez aussi la 2e \u00e9dition du march\u00e9 artisanal avec des cr\u00e9ateurs locaux en plein coeur du village.<\/p>\n","protected":false},"featured_media":608122,"menu_order":0,"template":"","lex_activity_apidae_category":[97,101],"lex_activity_category":[],"lex_activity_tag":[],"class_list":["post-608121","lex_activity","type-lex_activity","status-publish","has-post-thumbnail","hentry"],"acf":[],"publishpress_future_workflow_manual_trigger":{"enabledWorkflows":[]},"_links":{"self":[{"href":"https:\/\/www.lemanexpress.com\/de\/wp-json\/wp\/v2\/lex_activity\/608121","targetHints":{"allow":["GET"]}}],"collection":[{"href":"https:\/\/www.lemanexpress.com\/de\/wp-json\/wp\/v2\/lex_activity"}],"about":[{"href":"https:\/\/www.lemanexpress.com\/de\/wp-json\/wp\/v2\/types\/lex_activity"}],"version-history":[{"count":0,"href":"https:\/\/www.lemanexpress.com\/de\/wp-json\/wp\/v2\/lex_activity\/608121\/revisions"}],"wp:featuredmedia":[{"embeddable":true,"href":"https:\/\/www.lemanexpress.com\/de\/wp-json\/wp\/v2\/media\/608122"}],"wp:attachment":[{"href":"https:\/\/www.lemanexpress.com\/de\/wp-json\/wp\/v2\/media?parent=608121"}],"wp:term":[{"taxonomy":"lex_activity_apidae_category","embeddable":true,"href":"https:\/\/www.lemanexpress.com\/de\/wp-json\/wp\/v2\/lex_activity_apidae_category?post=608121"},{"taxonomy":"lex_activity_category","embeddable":true,"href":"https:\/\/www.lemanexpress.com\/de\/wp-json\/wp\/v2\/lex_activity_category?post=608121"},{"taxonomy":"lex_activity_tag","embeddable":true,"href":"https:\/\/www.lemanexpress.com\/de\/wp-json\/wp\/v2\/lex_activity_tag?post=608121"}],"curies":[{"name":"wp","href":"https:\/\/api.w.org\/{rel}","templated":true}]}}

Fête nationale de Cervens

<p>Célébrez le 14 juillet à Cervens : soirée dansante, restauration, animations et feux d&#8217;artifice ! Découvrez aussi la 2e édition du marché artisanal avec des créateurs locaux en plein coeur du village.</p>
