{"id":604475,"date":"2026-03-03T00:37:18","date_gmt":"2026-03-02T23:37:18","guid":{"rendered":"https:\/\/www.lemanexpress.com\/events\/conference-comment-mieux-comprendre-la-laicite-francaise\/"},"modified":"2026-03-03T00:37:18","modified_gmt":"2026-03-02T23:37:18","slug":"conference-comment-mieux-comprendre-la-laicite-francaise","status":"publish","type":"lex_activity","link":"https:\/\/www.lemanexpress.com\/de\/events\/conference-comment-mieux-comprendre-la-laicite-francaise\/","title":{"rendered":"Conf\u00e9rence : Comment mieux comprendre la la\u00efcit\u00e9 fran\u00e7aise"},"content":{"rendered":"<p>Alors, en fait, qu&#8217;est-ce-que la la\u00efcit\u00e9, plus particuli\u00e8rement en France ? Et d&#8217;o\u00f9 vient cette notion tr\u00e8s pr\u00e9sente dans les d\u00e9bats politiques et sociaux ?<\/p>\n<p>Pr\u00e9sent\u00e9e par Christian Gilquin, juriste, dirigeant de coop\u00e9rative et expert en formes atypiques de travail.<\/p>\n","protected":false},"excerpt":{"rendered":"<p>Le 9 d\u00e9cembre 2025, nous avons c\u00e9l\u00e9br\u00e9 le 120\u00e8me anniversaire de la Loi de 1905 concernant la s\u00e9paration des Eglises et de l&#8217;Etat. Il convient de souligner que le terme &#8222;la\u00efcit\u00e9&#8220; est totalement absent du texte de la Loi.<\/p>\n","protected":false},"featured_media":0,"menu_order":0,"template":"","lex_activity_apidae_category":[90],"lex_activity_category":[],"lex_activity_tag":[],"class_list":["post-604475","lex_activity","type-lex_activity","status-publish","hentry"],"acf":[],"publishpress_future_workflow_manual_trigger":{"enabledWorkflows":[]},"_links":{"self":[{"href":"https:\/\/www.lemanexpress.com\/de\/wp-json\/wp\/v2\/lex_activity\/604475","targetHints":{"allow":["GET"]}}],"collection":[{"href":"https:\/\/www.lemanexpress.com\/de\/wp-json\/wp\/v2\/lex_activity"}],"about":[{"href":"https:\/\/www.lemanexpress.com\/de\/wp-json\/wp\/v2\/types\/lex_activity"}],"version-history":[{"count":0,"href":"https:\/\/www.lemanexpress.com\/de\/wp-json\/wp\/v2\/lex_activity\/604475\/revisions"}],"wp:attachment":[{"href":"https:\/\/www.lemanexpress.com\/de\/wp-json\/wp\/v2\/media?parent=604475"}],"wp:term":[{"taxonomy":"lex_activity_apidae_category","embeddable":true,"href":"https:\/\/www.lemanexpress.com\/de\/wp-json\/wp\/v2\/lex_activity_apidae_category?post=604475"},{"taxonomy":"lex_activity_category","embeddable":true,"href":"https:\/\/www.lemanexpress.com\/de\/wp-json\/wp\/v2\/lex_activity_category?post=604475"},{"taxonomy":"lex_activity_tag","embeddable":true,"href":"https:\/\/www.lemanexpress.com\/de\/wp-json\/wp\/v2\/lex_activity_tag?post=604475"}],"curies":[{"name":"wp","href":"https:\/\/api.w.org\/{rel}","templated":true}]}}

Conférence : Comment mieux comprendre la laïcité française

<p>Alors, en fait, qu&#8217;est-ce-que la laïcité, plus particulièrement en France ? Et d&#8217;où vient cette notion très présente dans les débats politiques et sociaux ?</p>
<p>Présentée par Christian Gilquin, juriste, dirigeant de coopérative et expert en formes atypiques de travail.</p>

<p>Le 9 décembre 2025, nous avons célébré le 120ème anniversaire de la Loi de 1905 concernant la séparation des Eglises et de l&#8217;Etat. Il convient de souligner que le terme &#8222;laïcité&#8220; est totalement absent du texte de la Loi.</p>
